[Sat Dec 07 17:48:00.746573 2024] [mpm_prefork:notice] [pid 3881612:tid 3881612] AH00163: Apache/2.4.62 (cPanel) OpenSSL/3.2.2 mod_bwlimited/1.4 configured -- resuming normal operations
[Sat Dec 07 17:48:00.746583 2024] [core:notice] [pid 3881612:tid 3881612] AH00094: Command line: '/usr/sbin/httpd'
[Sat Dec 07 19:47:11.394853 2024] [authz_core:error] [pid 4057256:tid 4057256] [client 185.226.196.28:0] AH01630: client denied by server configuration: proxy:http://127.0.0.1:2082/license.txt
[Sat Dec 07 22:49:50.135751 2024] [mpm_prefork:notice] [pid 3881612:tid 3881612] AH00171: Graceful restart requested, doing restart
[Sat Dec 07 22:49:50.211218 2024] [:notice] [pid 3881612:tid 3881612] mod_ruid2/0.9.8 enabled
[Sat Dec 07 22:49:50.211521 2024] [mpm_prefork:notice] [pid 3881612:tid 3881612] AH00163: Apache/2.4.62 (cPanel) OpenSSL/3.2.2 mod_bwlimited/1.4 configured -- resuming normal operations
[Sat Dec 07 22:49:50.211532 2024] [core:notice] [pid 3881612:tid 3881612] AH00094: Command line: '/usr/sbin/httpd'
[Sat Dec 07 22:50:05.161312 2024] [mpm_prefork:notice] [pid 3881612:tid 3881612] AH00171: Graceful restart requested, doing restart
[Sat Dec 07 22:50:05.236490 2024] [:notice] [pid 3881612:tid 3881612] mod_ruid2/0.9.8 enabled
[Sat Dec 07 22:50:05.236770 2024] [mpm_prefork:notice] [pid 3881612:tid 3881612] AH00163: Apache/2.4.62 (cPanel) OpenSSL/3.2.2 mod_bwlimited/1.4 configured -- resuming normal operations
[Sat Dec 07 22:50:05.236778 2024] [core:notice] [pid 3881612:tid 3881612] AH00094: Command line: '/usr/sbin/httpd'
[Sun Dec 08 00:06:54.703713 2024] [core:crit] [pid 4083712:tid 4083712] (13)Permission denied: [client 167.99.166.196:46268] AH00529: /home/dladmin/public_html/.htaccess pcfg_openfile: unable to check htaccess file, ensure it is readable and that '/home/dladmin/public_html/' is executable
[Sun Dec 08 04:49:55.946838 2024] [mpm_prefork:notice] [pid 3881612:tid 3881612] AH00171: Graceful restart requested, doing restart
[Sun Dec 08 04:49:56.021606 2024] [:notice] [pid 3881612:tid 3881612] mod_ruid2/0.9.8 enabled
[Sun Dec 08 04:49:56.021865 2024] [mpm_prefork:notice] [pid 3881612:tid 3881612] AH00163: Apache/2.4.62 (cPanel) OpenSSL/3.2.2 mod_bwlimited/1.4 configured -- resuming normal operations
[Sun Dec 08 04:49:56.021894 2024] [core:notice] [pid 3881612:tid 3881612] AH00094: Command line: '/usr/sbin/httpd'
[Sun Dec 08 04:49:59.619305 2024] [log_config:warn] [pid 4078251:tid 4078251] (32)Broken pipe: [client 208.109.240.244:53690] AH00646: Error writing to |/usr/local/cpanel/bin/splitlogs --dir=/etc/apache2/logs/domlogs --main=244.240.109.208.host.secureserver.net --suffix=-bytes_log --sslport=444
[Sun Dec 08 04:49:59.619347 2024] [log_config:warn] [pid 4078251:tid 4078251] (32)Broken pipe: [client 208.109.240.244:53690] AH00646: Error writing to |/usr/local/cpanel/bin/splitlogs --dir=/etc/apache2/logs/domlogs --main=244.240.109.208.host.secureserver.net --mainout=/etc/apache2/logs/access_log --sslport=444
[Sun Dec 08 04:50:05.780419 2024] [cgi:error] [pid 4106809:tid 4106809] [client 104.164.173.120:0] AH02812: stderr from /home/disturbedgraffix/public_html/cgi-bin/: attempt to invoke directory as script
[Sun Dec 08 04:50:08.054094 2024] [cgi:error] [pid 4106809:tid 4106809] [client 104.164.173.163:0] AH02812: stderr from /home/masonfelt/public_html/cgi-bin/: attempt to invoke directory as script
[Sun Dec 08 04:50:08.291836 2024] [cgi:error] [pid 4106812:tid 4106812] [client 104.164.173.197:0] AH02812: stderr from /home/disturbedgraffix/public_html/cgi-bin/: attempt to invoke directory as script
[Sun Dec 08 04:51:03.938728 2024] [cgi:error] [pid 4106812:tid 4106812] [client 154.28.229.48:0] AH02812: stderr from /home/jokespider/public_html/cgi-bin/: attempt to invoke directory as script
[Sun Dec 08 04:58:47.017448 2024] [proxy_fcgi:error] [pid 4106853:tid 4106853] [client 37.139.53.32:0] AH01071: Got error 'Primary script unknown', referer: http://masonfelt.com/index.php/2019/04/25/coming-soon/
[Sun Dec 08 05:08:48.750074 2024] [proxy_fcgi:error] [pid 4106853:tid 4106853] [client 83.217.213.120:0] AH01071: Got error 'Primary script unknown', referer: http://masonfelt.com/index.php/2019/04/25/coming-soon/#comment-3149
[Sun Dec 08 05:09:48.022564 2024] [proxy_fcgi:error] [pid 4106939:tid 4106939] [client 54.215.207.216:0] AH01071: Got error 'Primary script unknown', referer: https://masonfelt.com/wp-cron.php?doing_wp_cron=1733634587.9083440303802490234375
[Sun Dec 08 05:16:14.228030 2024] [proxy_fcgi:error] [pid 4106941:tid 4106941] [client 14.29.218.83:0] AH01071: Got error 'Primary script unknown'
[Sun Dec 08 05:16:33.306999 2024] [proxy_fcgi:error] [pid 4106808:tid 4106808] [client 72.47.238.247:0] AH01071: Got error 'Primary script unknown'
[Sun Dec 08 05:16:48.720752 2024] [proxy_fcgi:error] [pid 4106812:tid 4106812] [client 46.226.10.69:0] AH01071: Got error 'Primary script unknown'
[Sun Dec 08 05:16:58.339081 2024] [proxy_fcgi:error] [pid 4106811:tid 4106811] [client 141.8.192.132:0] AH01071: Got error 'Primary script unknown'
[Sun Dec 08 05:17:03.817671 2024] [proxy_fcgi:error] [pid 4106951:tid 4106951] [client 198.54.120.17:0] AH01071: Got error 'Primary script unknown'
[Sun Dec 08 05:17:12.164201 2024] [proxy_fcgi:error] [pid 4106940:tid 4106940] [client 80.237.130.65:0] AH01071: Got error 'Primary script unknown'
[Sun Dec 08 05:17:14.008039 2024] [proxy_fcgi:error] [pid 4106940:tid 4106940] [client 176.114.1.30:0] AH01071: Got error 'Primary script unknown'
[Sun Dec 08 05:17:16.173158 2024] [proxy_fcgi:error] [pid 4106940:tid 4106940] [client 103.153.215.221:0] AH01071: Got error 'Primary script unknown'
[Sun Dec 08 05:17:19.706504 2024] [proxy_fcgi:error] [pid 4106940:tid 4106940] [client 185.88.177.189:0] AH01071: Got error 'Primary script unknown'
[Sun Dec 08 05:22:53.344689 2024] [proxy_fcgi:error] [pid 4106811:tid 4106811] [client 78.129.155.154:0] AH01071: Got error 'Primary script unknown'
[Sun Dec 08 05:25:22.402782 2024] [proxy_fcgi:error] [pid 4106939:tid 4106939] [client 92.205.182.254:0] AH01071: Got error 'Primary script unknown'
[Sun Dec 08 05:34:50.430490 2024] [proxy_fcgi:error] [pid 4106808:tid 4106808] [client 165.232.180.139:0] AH01071: Got error 'Primary script unknown'
[Sun Dec 08 05:37:17.929618 2024] [proxy_fcgi:error] [pid 4106810:tid 4106810] [client 162.214.175.217:0] AH01071: Got error 'Primary script unknown'
[Sun Dec 08 05:40:18.427798 2024] [proxy_fcgi:error] [pid 4106810:tid 4106810] [client 37.139.53.32:0] AH01071: Got error 'Primary script unknown', referer: http://masonfelt.com/index.php/2019/04/25/coming-soon/
[Sun Dec 08 05:55:49.754831 2024] [proxy_fcgi:error] [pid 4106940:tid 4106940] [client 101.132.97.62:0] AH01071: Got error 'Primary script unknown'
[Sun Dec 08 05:56:01.980214 2024] [proxy_fcgi:error] [pid 4106941:tid 4106941] [client 178.20.47.39:0] AH01071: Got error 'Primary script unknown', referer: http://masonfelt.com/index.php/2019/04/25/coming-soon/
[Sun Dec 08 06:00:55.234267 2024] [proxy_fcgi:error] [pid 4106811:tid 4106811] [client 178.20.47.39:0] AH01071: Got error 'Primary script unknown', referer: http://masonfelt.com/index.php/2019/04/25/coming-soon/
[Sun Dec 08 06:03:33.775291 2024] [proxy_fcgi:error] [pid 4106939:tid 4106939] [client 178.20.47.39:0] AH01071: Got error 'Primary script unknown', referer: http://masonfelt.com/index.php/2019/04/25/coming-soon/
[Sun Dec 08 06:11:12.230598 2024] [autoindex:error] [pid 4106812:tid 4106812] [client 192.88.134.14:0] AH01276: Cannot serve directory /home/icsla/public_html/wp-admin/css/: No matching DirectoryIndex (index.php,index.php8,index.php7,index.php5,index.perl,index.pl,index.plx,index.ppl,index.cgi,index.jsp,index.jp,index.phtml,index.shtml,index.xhtml,index.html,index.htm,index.js) found, and server-generated directory index forbidden by Options directive, referer: binance.com
[Sun Dec 08 06:11:18.738670 2024] [autoindex:error] [pid 4112907:tid 4112907] [client 192.88.134.14:0] AH01276: Cannot serve directory /home/icsla/public_html/wp-admin/css/: No matching DirectoryIndex (index.php,index.php8,index.php7,index.php5,index.perl,index.pl,index.plx,index.ppl,index.cgi,index.jsp,index.jp,index.phtml,index.shtml,index.xhtml,index.html,index.htm,index.js) found, and server-generated directory index forbidden by Options directive, referer: binance.com
[Sun Dec 08 06:11:26.078898 2024] [autoindex:error] [pid 4106810:tid 4106810] [client 192.88.134.14:0] AH01276: Cannot serve directory /home/icsla/public_html/.well-known/: No matching DirectoryIndex (index.php,index.php8,index.php7,index.php5,index.perl,index.pl,index.plx,index.ppl,index.cgi,index.jsp,index.jp,index.phtml,index.shtml,index.xhtml,index.html,index.htm,index.js) found, and server-generated directory index forbidden by Options directive, referer: binance.com
[Sun Dec 08 06:11:29.366475 2024] [autoindex:error] [pid 4106810:tid 4106810] [client 192.88.134.14:0] AH01276: Cannot serve directory /home/icsla/public_html/.well-known/: No matching DirectoryIndex (index.php,index.php8,index.php7,index.php5,index.perl,index.pl,index.plx,index.ppl,index.cgi,index.jsp,index.jp,index.phtml,index.shtml,index.xhtml,index.html,index.htm,index.js) found, and server-generated directory index forbidden by Options directive, referer: binance.com
[Sun Dec 08 06:14:33.137350 2024] [proxy_fcgi:error] [pid 4106940:tid 4106940] [client 208.109.173.103:0] AH01071: Got error 'Primary script unknown'
[Sun Dec 08 06:25:37.888611 2024] [proxy_fcgi:error] [pid 4106808:tid 4106808] [client 194.163.154.75:0] AH01071: Got error 'Primary script unknown'
[Sun Dec 08 06:35:35.823387 2024] [proxy_fcgi:error] [pid 4113565:tid 4113565] [client 94.103.91.198:0] AH01071: Got error 'Primary script unknown', referer: http://masonfelt.com/index.php/2019/04/25/coming-soon/#comment-4537
[Sun Dec 08 06:38:03.789727 2024] [proxy_fcgi:error] [pid 4106810:tid 4106810] [client 84.54.44.30:0] AH01071: Got error 'Primary script unknown', referer: http://masonfelt.com/index.php/2019/04/25/coming-soon/#comment-4308
[Sun Dec 08 06:51:04.706552 2024] [proxy_fcgi:error] [pid 4117059:tid 4117059] [client 62.113.115.161:0] AH01071: Got error 'Primary script unknown', referer: http://masonfelt.com/index.php/2019/04/25/coming-soon/#comment-4308
[Sun Dec 08 06:54:44.122993 2024] [proxy_fcgi:error] [pid 4117060:tid 4117060] [client 74.81.38.26:0] AH01071: Got error 'Primary script unknown'
[Sun Dec 08 07:00:55.370139 2024] [proxy_fcgi:error] [pid 4117058:tid 4117058] [client 37.187.76.186:0] AH01071: Got error 'Primary script unknown'
[Sun Dec 08 07:01:04.981925 2024] [proxy_fcgi:error] [pid 4117057:tid 4117057] [client 45.118.151.91:0] AH01071: Got error 'Primary script unknown'
[Sun Dec 08 07:01:50.168406 2024] [proxy_fcgi:error] [pid 4117067:tid 4117067] [client 81.12.39.202:0] AH01071: Got error 'Primary script unknown'
[Sun Dec 08 07:02:17.405040 2024] [proxy_fcgi:error] [pid 4117059:tid 4117059] [client 103.56.161.36:0] AH01071: Got error 'Primary script unknown'
[Sun Dec 08 07:06:33.963737 2024] [proxy_fcgi:error] [pid 4117058:tid 4117058] [client 92.53.96.111:0] AH01071: Got error 'Primary script unknown'
[Sun Dec 08 07:07:40.446577 2024] [proxy_fcgi:error] [pid 4106812:tid 4106812] [client 139.59.27.59:0] AH01071: Got error 'Primary script unknown'
[Sun Dec 08 07:28:25.723342 2024] [proxy_fcgi:error] [pid 4117058:tid 4117058] [client 51.222.253.18:0] AH01071: Got error 'Primary script unknown'
[Sun Dec 08 07:51:37.929037 2024] [proxy_fcgi:error] [pid 4120629:tid 4120629] [client 184.168.126.97:0] AH01071: Got error 'Primary script unknown'
[Sun Dec 08 08:07:59.359321 2024] [proxy_fcgi:error] [pid 4117058:tid 4117058] [client 195.2.71.225:0] AH01071: Got error 'Primary script unknown', referer: http://masonfelt.com/index.php/2019/04/25/coming-soon/#comment-3149
[Sun Dec 08 08:12:23.937075 2024] [proxy_fcgi:error] [pid 4114012:tid 4114012] [client 178.20.47.39:0] AH01071: Got error 'Primary script unknown', referer: http://masonfelt.com/index.php/2019/04/25/coming-soon/
[Sun Dec 08 08:32:37.552913 2024] [proxy_fcgi:error] [pid 4117067:tid 4117067] [client 148.72.207.110:0] AH01071: Got error 'Primary script unknown'
[Sun Dec 08 08:34:07.403755 2024] [proxy_fcgi:error] [pid 4117064:tid 4117064] [client 31.220.111.35:0] AH01071: Got error 'Primary script unknown'
[Sun Dec 08 08:34:23.556074 2024] [proxy_fcgi:error] [pid 4117057:tid 4117057] [client 185.241.64.235:0] AH01071: Got error 'Primary script unknown'
[Sun Dec 08 08:34:37.002201 2024] [proxy_fcgi:error] [pid 4120629:tid 4120629] [client 68.183.186.124:0] AH01071: Got error 'Primary script unknown'
[Sun Dec 08 08:34:50.946615 2024] [proxy_fcgi:error] [pid 4106812:tid 4106812] [client 81.12.39.202:0] AH01071: Got error 'Primary script unknown'
[Sun Dec 08 08:45:04.913889 2024] [proxy_fcgi:error] [pid 4117064:tid 4117064] [client 51.222.253.18:0] AH01071: Got error 'Primary script unknown'
[Sun Dec 08 09:01:46.208262 2024] [proxy_fcgi:error] [pid 4117060:tid 4117060] [client 178.215.224.35:0] AH01071: Got error 'Primary script unknown', referer: www.google.com
[Sun Dec 08 09:02:19.436512 2024] [proxy_fcgi:error] [pid 4117058:tid 4117058] [client 178.215.224.35:0] AH01071: Got error 'Primary script unknown', referer: www.google.com
[Sun Dec 08 09:04:35.387357 2024] [proxy_fcgi:error] [pid 4117057:tid 4117057] [client 178.215.224.35:0] AH01071: Got error 'Primary script unknown', referer: www.google.com
[Sun Dec 08 09:11:30.627489 2024] [proxy_fcgi:error] [pid 4117057:tid 4117057] [client 185.231.155.169:0] AH01071: Got error 'Primary script unknown', referer: http://masonfelt.com/index.php/2019/04/25/coming-soon/
[Sun Dec 08 09:22:05.286904 2024] [proxy_fcgi:error] [pid 4120629:tid 4120629] [client 178.158.193.214:0] AH01071: Got error 'Primary script unknown', referer: http://disturbedgraffix.com/wp-login.php
[Sun Dec 08 09:38:38.101684 2024] [proxy_fcgi:error] [pid 4117058:tid 4117058] [client 148.66.130.195:0] AH01071: Got error 'Primary script unknown'
[Sun Dec 08 09:58:33.027052 2024] [proxy_fcgi:error] [pid 4120629:tid 4120629] [client 51.222.253.6:0] AH01071: Got error 'Primary script unknown'
[Sun Dec 08 10:06:52.059485 2024] [proxy_fcgi:error] [pid 4117057:tid 4117057] [client 70.32.74.232:0] AH01071: Got error 'Primary script unknown'
[Sun Dec 08 10:48:27.497926 2024] [core:crit] [pid 4117067:tid 4117067] (13)Permission denied: [client 198.235.24.98:60246] AH00529: /home/dladmin/public_html/.htaccess pcfg_openfile: unable to check htaccess file, ensure it is readable and that '/home/dladmin/public_html/' is executable
[Sun Dec 08 10:52:08.874317 2024] [proxy_fcgi:error] [pid 4114012:tid 4114012] [client 46.226.10.69:0] AH01071: Got error 'Primary script unknown'
[Sun Dec 08 10:52:39.791243 2024] [proxy_fcgi:error] [pid 4117060:tid 4117060] [client 54.215.207.216:0] AH01071: Got error 'Primary script unknown', referer: http://masonfelt.com/wp-cron.php?doing_wp_cron=1733655159.6976850032806396484375
[Sun Dec 08 10:52:45.584019 2024] [proxy_fcgi:error] [pid 4117058:tid 4117058] [client 174.138.28.55:0] AH01071: Got error 'Primary script unknown'
[Sun Dec 08 10:52:55.882550 2024] [proxy_fcgi:error] [pid 4117059:tid 4117059] [client 192.250.227.24:0] AH01071: Got error 'Primary script unknown'
[Sun Dec 08 11:05:26.190457 2024] [proxy_fcgi:error] [pid 4117060:tid 4117060] [client 51.222.253.11:0] AH01071: Got error 'Primary script unknown'
[Sun Dec 08 11:06:16.130639 2024] [proxy_fcgi:error] [pid 4106812:tid 4106812] [client 195.2.71.225:0] AH01071: Got error 'Primary script unknown', referer: http://masonfelt.com/index.php/2019/04/25/coming-soon/#comment-3149
[Sun Dec 08 11:08:27.150882 2024] [proxy_fcgi:error] [pid 4120629:tid 4120629] [client 184.168.109.20:0] AH01071: Got error 'Primary script unknown'
[Sun Dec 08 11:08:44.305519 2024] [proxy_fcgi:error] [pid 4117060:tid 4117060] [client 93.183.93.32:0] AH01071: Got error 'Primary script unknown', referer: http://masonfelt.com/index.php/2019/04/25/coming-soon/#comment-4537
[Sun Dec 08 11:20:03.089441 2024] [proxy_fcgi:error] [pid 4114012:tid 4114012] [client 141.98.10.120:0] AH01071: Got error 'Primary script unknown'
[Sun Dec 08 11:21:29.922848 2024] [proxy_fcgi:error] [pid 4117067:tid 4117067] [client 141.98.10.120:0] AH01071: Got error 'Primary script unknown'
[Sun Dec 08 11:30:33.562953 2024] [proxy_fcgi:error] [pid 4117058:tid 4117058] [client 195.2.71.225:0] AH01071: Got error 'Primary script unknown', referer: http://masonfelt.com/index.php/2019/04/25/coming-soon/#comment-3149
[Sun Dec 08 11:42:38.804269 2024] [proxy_fcgi:error] [pid 4117150:tid 4117150] [client 92.205.185.112:0] AH01071: Got error 'Primary script unknown'
[Sun Dec 08 11:46:38.114271 2024] [proxy_fcgi:error] [pid 4106812:tid 4106812] [client 195.2.71.225:0] AH01071: Got error 'Primary script unknown', referer: http://masonfelt.com/index.php/2019/04/25/coming-soon/#comment-3149
[Sun Dec 08 12:01:27.865214 2024] [proxy_fcgi:error] [pid 4117064:tid 4117064] [client 68.178.166.166:0] AH01071: Got error 'Primary script unknown'
[Sun Dec 08 12:08:13.686690 2024] [proxy_fcgi:error] [pid 4120629:tid 4120629] [client 148.72.247.134:0] AH01071: Got error 'Primary script unknown'
[Sun Dec 08 12:19:05.970575 2024] [proxy_fcgi:error] [pid 4136522:tid 4136522] [client 51.222.253.11:0] AH01071: Got error 'Primary script unknown'
[Sun Dec 08 12:25:19.498407 2024] [proxy_fcgi:error] [pid 4120629:tid 4120629] [client 148.72.247.134:0] AH01071: Got error 'Primary script unknown'
[Sun Dec 08 12:29:34.495748 2024] [proxy_fcgi:error] [pid 4136522:tid 4136522] [client 80.237.130.65:0] AH01071: Got error 'Primary script unknown'
[Sun Dec 08 12:30:13.343556 2024] [proxy_fcgi:error] [pid 4120629:tid 4120629] [client 31.186.11.144:0] AH01071: Got error 'Primary script unknown'
[Sun Dec 08 12:30:15.532676 2024] [proxy_fcgi:error] [pid 4120629:tid 4120629] [client 77.68.64.28:0] AH01071: Got error 'Primary script unknown'
[Sun Dec 08 12:30:35.521068 2024] [proxy_fcgi:error] [pid 4117059:tid 4117059] [client 13.201.70.184:0] AH01071: Got error 'Primary script unknown'
[Sun Dec 08 12:40:14.027322 2024] [proxy_fcgi:error] [pid 4106812:tid 4106812] [client 184.168.126.97:0] AH01071: Got error 'Primary script unknown'
[Sun Dec 08 12:47:16.998619 2024] [cgi:error] [pid 4117064:tid 4117064] [client 4.227.36.49:0] AH02812: stderr from /home/disturbedgraffix/public_html/cgi-bin/: attempt to invoke directory as script
[Sun Dec 08 12:49:26.510302 2024] [proxy_fcgi:error] [pid 4117064:tid 4117064] [client 92.205.212.113:0] AH01071: Got error 'Primary script unknown'
[Sun Dec 08 12:59:05.708057 2024] [proxy_fcgi:error] [pid 4136522:tid 4136522] [client 148.72.211.177:0] AH01071: Got error 'Primary script unknown'
[Sun Dec 08 12:59:06.477228 2024] [proxy_fcgi:error] [pid 4136522:tid 4136522] [client 148.72.211.177:0] AH01071: Got error 'Primary script unknown'
[Sun Dec 08 13:11:16.227375 2024] [proxy_fcgi:error] [pid 4117059:tid 4117059] [client 195.2.71.225:0] AH01071: Got error 'Primary script unknown', referer: http://masonfelt.com/index.php/2019/04/25/coming-soon/#comment-3149
[Sun Dec 08 13:44:10.285947 2024] [proxy_fcgi:error] [pid 4117060:tid 4117060] [client 51.222.253.1:0] AH01071: Got error 'Primary script unknown'
[Sun Dec 08 13:56:04.740646 2024] [proxy_fcgi:error] [pid 4117059:tid 4117059] [client 195.2.84.178:0] AH01071: Got error 'Primary script unknown', referer: http://masonfelt.com/index.php/2019/04/25/coming-soon/#comment-4537
[Sun Dec 08 13:57:42.273631 2024] [proxy_fcgi:error] [pid 4117150:tid 4117150] [client 80.237.130.65:0] AH01071: Got error 'Primary script unknown'
[Sun Dec 08 13:58:06.693603 2024] [proxy_fcgi:error] [pid 4117060:tid 4117060] [client 173.236.248.39:0] AH01071: Got error 'Primary script unknown'
[Sun Dec 08 13:58:36.290772 2024] [proxy_fcgi:error] [pid 4117058:tid 4117058] [client 46.226.10.69:0] AH01071: Got error 'Primary script unknown'
[Sun Dec 08 13:59:50.577195 2024] [proxy_fcgi:error] [pid 4117058:tid 4117058] [client 178.20.43.173:0] AH01071: Got error 'Primary script unknown', referer: http://masonfelt.com/index.php/2019/04/25/coming-soon/#comment-2732
[Sun Dec 08 14:25:57.366967 2024] [proxy_fcgi:error] [pid 4117150:tid 4117150] [client 178.20.43.173:0] AH01071: Got error 'Primary script unknown', referer: http://masonfelt.com/index.php/2019/04/25/coming-soon/#comment-2732
[Sun Dec 08 14:41:43.208335 2024] [proxy_fcgi:error] [pid 4114012:tid 4114012] [client 178.20.43.173:0] AH01071: Got error 'Primary script unknown', referer: http://masonfelt.com/index.php/2019/04/25/coming-soon/#comment-2732
[Sun Dec 08 15:06:46.002277 2024] [proxy_fcgi:error] [pid 4117150:tid 4117150] [client 208.109.173.103:0] AH01071: Got error 'Primary script unknown'
[Sun Dec 08 15:08:07.861652 2024] [proxy_fcgi:error] [pid 4145943:tid 4145943] [client 195.2.78.191:0] AH01071: Got error 'Primary script unknown', referer: http://masonfelt.com/index.php/2019/04/25/coming-soon/
[Sun Dec 08 15:17:11.445179 2024] [proxy_fcgi:error] [pid 4136522:tid 4136522] [client 51.222.253.6:0] AH01071: Got error 'Primary script unknown'
[Sun Dec 08 15:17:21.995257 2024] [proxy_fcgi:error] [pid 4117058:tid 4117058] [client 185.231.154.128:0] AH01071: Got error 'Primary script unknown', referer: http://masonfelt.com/index.php/2019/04/25/coming-soon/#comment-3149
[Sun Dec 08 15:45:32.947604 2024] [proxy_fcgi:error] [pid 4158100:tid 4158100] [client 91.142.73.116:0] AH01071: Got error 'Primary script unknown', referer: http://masonfelt.com/index.php/2019/04/25/coming-soon/
[Sun Dec 08 15:47:48.952378 2024] [cgi:error] [pid 4117059:tid 4117059] [client 65.108.0.71:0] AH02812: stderr from /home/disturbedgraffix/public_html/cgi-bin/: attempt to invoke directory as script
[Sun Dec 08 15:51:06.449248 2024] [proxy_fcgi:error] [pid 4145943:tid 4145943] [client 37.220.86.98:0] AH01071: Got error 'Primary script unknown', referer: http://masonfelt.com/index.php/2019/04/25/coming-soon/
[Sun Dec 08 15:59:14.707734 2024] [proxy_fcgi:error] [pid 4117064:tid 4117064] [client 195.2.78.191:0] AH01071: Got error 'Primary script unknown', referer: http://masonfelt.com/index.php/2019/04/25/coming-soon/
[Sun Dec 08 16:10:14.483561 2024] [proxy_fcgi:error] [pid 4114012:tid 4114012] [client 77.222.40.109:0] AH01071: Got error 'Primary script unknown'
[Sun Dec 08 16:10:26.431544 2024] [proxy_fcgi:error] [pid 4145943:tid 4145943] [client 69.163.177.183:0] AH01071: Got error 'Primary script unknown'
[Sun Dec 08 16:10:47.101281 2024] [proxy_fcgi:error] [pid 4117058:tid 4117058] [client 185.241.64.235:0] AH01071: Got error 'Primary script unknown'
[Sun Dec 08 16:10:59.960131 2024] [proxy_fcgi:error] [pid 4117150:tid 4117150] [client 52.77.114.47:0] AH01071: Got error 'Primary script unknown'
[Sun Dec 08 16:11:19.383617 2024] [proxy_fcgi:error] [pid 4136522:tid 4136522] [client 158.220.91.172:0] AH01071: Got error 'Primary script unknown'
[Sun Dec 08 16:25:06.244417 2024] [proxy_fcgi:error] [pid 4117059:tid 4117059] [client 148.66.130.195:0] AH01071: Got error 'Primary script unknown'
[Sun Dec 08 16:44:44.041371 2024] [proxy_fcgi:error] [pid 4145943:tid 4145943] [client 195.2.76.183:0] AH01071: Got error 'Primary script unknown', referer: http://masonfelt.com/index.php/2019/04/25/coming-soon/#comment-4506
[Sun Dec 08 16:46:41.699648 2024] [proxy_fcgi:error] [pid 4106812:tid 4106812] [client 79.137.176.72:0] AH01071: Got error 'Primary script unknown', referer: http://masonfelt.com/wp-login.php
[Sun Dec 08 16:47:18.755108 2024] [proxy_fcgi:error] [pid 4136522:tid 4136522] [client 91.142.73.116:0] AH01071: Got error 'Primary script unknown', referer: http://masonfelt.com/index.php/2019/04/25/coming-soon/
[Sun Dec 08 17:07:39.162460 2024] [proxy_fcgi:error] [pid 4158100:tid 4158100] [client 51.222.253.20:0] AH01071: Got error 'Primary script unknown'
[Sun Dec 08 17:21:42.668551 2024] [proxy_fcgi:error] [pid 4136522:tid 4136522] [client 195.2.78.191:0] AH01071: Got error 'Primary script unknown', referer: http://masonfelt.com/index.php/2019/04/25/coming-soon/
[Sun Dec 08 17:33:40.698695 2024] [proxy_fcgi:error] [pid 4136522:tid 4136522] [client 208.113.188.102:0] AH01071: Got error 'Primary script unknown'
[Sun Dec 08 17:33:57.926849 2024] [proxy_fcgi:error] [pid 4117058:tid 4117058] [client 91.151.18.32:0] AH01071: Got error 'Primary script unknown'
[Sun Dec 08 17:34:08.590437 2024] [proxy_fcgi:error] [pid 4158100:tid 4158100] [client 46.242.238.10:0] AH01071: Got error 'Primary script unknown'
[Sun Dec 08 17:34:44.140825 2024] [proxy_fcgi:error] [pid 4106812:tid 4106812] [client 77.68.64.30:0] AH01071: Got error 'Primary script unknown'
[Sun Dec 08 17:40:25.137736 2024] [core:crit] [pid 4117150:tid 4117150] (13)Permission denied: [client 52.183.224.78:36488] AH00529: /home/dladmin/public_html/.htaccess pcfg_openfile: unable to check htaccess file, ensure it is readable and that '/home/dladmin/public_html/' is executable
[Sun Dec 08 18:06:48.217487 2024] [proxy_fcgi:error] [pid 4117058:tid 4117058] [client 148.66.130.195:0] AH01071: Got error 'Primary script unknown'
[Sun Dec 08 19:01:26.992550 2024] [proxy_fcgi:error] [pid 4167972:tid 4167972] [client 166.62.89.87:0] AH01071: Got error 'Primary script unknown'
[Sun Dec 08 19:01:34.021321 2024] [proxy_fcgi:error] [pid 4168699:tid 4168699] [client 166.62.89.87:0] AH01071: Got error 'Primary script unknown'
[Sun Dec 08 19:01:59.627799 2024] [proxy_fcgi:error] [pid 4167975:tid 4167975] [client 101.133.163.146:0] AH01071: Got error 'Primary script unknown'
[Sun Dec 08 19:02:04.160057 2024] [proxy_fcgi:error] [pid 4167975:tid 4167975] [client 158.220.91.172:0] AH01071: Got error 'Primary script unknown'
[Sun Dec 08 19:02:10.456605 2024] [proxy_fcgi:error] [pid 4145943:tid 4145943] [client 104.244.154.95:0] AH01071: Got error 'Primary script unknown'
[Sun Dec 08 19:15:55.777858 2024] [proxy_fcgi:error] [pid 4167985:tid 4167985] [client 148.72.214.194:0] AH01071: Got error 'Primary script unknown'
[Sun Dec 08 19:20:06.496030 2024] [proxy_fcgi:error] [pid 4167974:tid 4167974] [client 31.24.44.12:0] AH01071: Got error 'Primary script unknown'
[Sun Dec 08 19:27:12.214554 2024] [proxy_fcgi:error] [pid 4158100:tid 4158100] [client 91.121.145.32:0] AH01071: Got error 'Primary script unknown'
[Sun Dec 08 19:59:42.804025 2024] [proxy_fcgi:error] [pid 4167972:tid 4167972] [client 82.197.65.232:0] AH01071: Got error 'Primary script unknown'
[Sun Dec 08 20:04:36.331863 2024] [proxy_fcgi:error] [pid 4145943:tid 4145943] [client 193.203.15.42:0] AH01071: Got error 'Primary script unknown'
[Sun Dec 08 20:04:45.155780 2024] [proxy_fcgi:error] [pid 4168135:tid 4168135] [client 8.212.180.219:0] AH01071: Got error 'Primary script unknown'
[Sun Dec 08 20:04:55.925528 2024] [proxy_fcgi:error] [pid 4167972:tid 4167972] [client 166.62.89.87:0] AH01071: Got error 'Primary script unknown'
[Sun Dec 08 20:04:56.285096 2024] [proxy_fcgi:error] [pid 4167972:tid 4167972] [client 5.44.111.93:0] AH01071: Got error 'Primary script unknown'
[Sun Dec 08 20:04:57.410212 2024] [proxy_fcgi:error] [pid 4167972:tid 4167972] [client 3.13.71.45:0] AH01071: Got error 'Primary script unknown'
[Sun Dec 08 20:15:58.836732 2024] [proxy_fcgi:error] [pid 4158100:tid 4158100] [client 148.72.247.134:0] AH01071: Got error 'Primary script unknown'
[Sun Dec 08 20:25:21.418593 2024] [proxy_fcgi:error] [pid 4168700:tid 4168700] [client 193.202.83.150:0] AH01071: Got error 'Primary script unknown', referer: http://masonfelt.com/index.php/2019/04/25/coming-soon/
[Sun Dec 08 20:34:59.677271 2024] [proxy_fcgi:error] [pid 4168699:tid 4168699] [client 5.9.144.185:0] AH01071: Got error 'Primary script unknown', referer: http://masonfelt.com/index.php/2019/04/25/coming-soon/
[Sun Dec 08 20:41:51.807864 2024] [proxy_fcgi:error] [pid 4168699:tid 4168699] [client 47.90.205.231:0] AH01071: Got error 'Primary script unknown', referer: http://disturbedgraffix.com/index.php/2019/04/15/hello-world/
[Sun Dec 08 22:03:31.372586 2024] [proxy_fcgi:error] [pid 4167985:tid 4167985] [client 85.128.143.158:0] AH01071: Got error 'Primary script unknown'
[Sun Dec 08 22:09:02.261627 2024] [proxy_fcgi:error] [pid 4167985:tid 4167985] [client 37.139.53.195:0] AH01071: Got error 'Primary script unknown', referer: http://masonfelt.com/index.php/2019/04/25/coming-soon/#comment-6588
[Sun Dec 08 22:40:55.905250 2024] [proxy_fcgi:error] [pid 4167972:tid 4167972] [client 123.30.154.171:0] AH01071: Got error 'Primary script unknown', referer: http://masonfelt.com/index.php/2019/04/25/coming-soon/#comment-6231
[Sun Dec 08 22:55:57.408525 2024] [proxy_fcgi:error] [pid 4167974:tid 4167974] [client 54.215.207.216:0] AH01071: Got error 'Primary script unknown', referer: http://masonfelt.com/wp-cron.php?doing_wp_cron=1733698557.3157889842987060546875
[Sun Dec 08 23:21:14.492595 2024] [proxy_fcgi:error] [pid 4192240:tid 4192240] [client 93.183.92.77:0] AH01071: Got error 'Primary script unknown', referer: http://masonfelt.com/index.php/2019/04/25/coming-soon/#comment-4537
[Sun Dec 08 23:21:44.359867 2024] [proxy_fcgi:error] [pid 4192239:tid 4192239] [client 148.72.214.194:0] AH01071: Got error 'Primary script unknown'
[Sun Dec 08 23:25:37.445384 2024] [proxy_fcgi:error] [pid 4167974:tid 4167974] [client 211.149.238.86:0] AH01071: Got error 'Primary script unknown'
[Sun Dec 08 23:26:12.746313 2024] [proxy_fcgi:error] [pid 4192241:tid 4192241] [client 173.236.241.99:0] AH01071: Got error 'Primary script unknown'
[Sun Dec 08 23:26:20.134995 2024] [proxy_fcgi:error] [pid 4145943:tid 4145943] [client 82.223.64.90:0] AH01071: Got error 'Primary script unknown'
[Sun Dec 08 23:56:26.831549 2024] [proxy_fcgi:error] [pid 4168135:tid 4168135] [client 114.119.140.66:0] AH01071: Got error 'Primary script unknown', referer: http://disturbedgraffix.com/index.php/sample-page/
[Sun Dec 08 23:57:17.076297 2024] [proxy_fcgi:error] [pid 4181763:tid 4181763] [client 51.222.253.5:0] AH01071: Got error 'Primary script unknown'
[Mon Dec 09 00:04:11.880833 2024] [proxy_fcgi:error] [pid 4167974:tid 4167974] [client 148.66.130.195:0] AH01071: Got error 'Primary script unknown'
[Mon Dec 09 00:12:00.589914 2024] [proxy_fcgi:error] [pid 4168699:tid 4168699] [client 178.20.46.206:0] AH01071: Got error 'Primary script unknown', referer: http://masonfelt.com/index.php/2019/04/25/coming-soon/#comment-4308
[Mon Dec 09 00:58:57.610973 2024] [proxy_fcgi:error] [pid 3643:tid 3643] [client 180.235.149.189:0] AH01071: Got error 'Primary script unknown'
[Mon Dec 09 00:59:01.963754 2024] [proxy_fcgi:error] [pid 3643:tid 3643] [client 87.236.211.28:0] AH01071: Got error 'Primary script unknown'
[Mon Dec 09 00:59:07.171649 2024] [proxy_fcgi:error] [pid 4168699:tid 4168699] [client 103.169.34.238:0] AH01071: Got error 'Primary script unknown'
[Mon Dec 09 00:59:15.455469 2024] [proxy_fcgi:error] [pid 4167975:tid 4167975] [client 82.223.64.90:0] AH01071: Got error 'Primary script unknown'
[Mon Dec 09 01:09:05.819613 2024] [proxy_fcgi:error] [pid 3643:tid 3643] [client 54.215.207.216:0] AH01071: Got error 'Primary script unknown', referer: https://masonfelt.com/wp-cron.php?doing_wp_cron=1733706545.1636500358581542968750
[Mon Dec 09 01:10:28.908627 2024] [proxy_fcgi:error] [pid 4167974:tid 4167974] [client 154.195.143.3:0] AH01071: Got error 'Primary script unknown', referer: http://masonfelt.com/index.php/2019/04/25/coming-soon/#comment-7213
[Mon Dec 09 01:23:08.716390 2024] [proxy_fcgi:error] [pid 4168699:tid 4168699] [client 51.222.253.12:0] AH01071: Got error 'Primary script unknown'
[Mon Dec 09 01:44:35.840748 2024] [proxy_fcgi:error] [pid 4192241:tid 4192241] [client 148.72.214.194:0] AH01071: Got error 'Primary script unknown'
[Mon Dec 09 02:02:39.055448 2024] [proxy_fcgi:error] [pid 4168699:tid 4168699] [client 84.54.44.30:0] AH01071: Got error 'Primary script unknown', referer: http://masonfelt.com/index.php/2019/04/25/coming-soon/#comment-4537
[Mon Dec 09 02:03:46.046642 2024] [proxy_fcgi:error] [pid 4192241:tid 4192241] [client 93.183.93.32:0] AH01071: Got error 'Primary script unknown', referer: http://masonfelt.com/index.php/2019/04/25/coming-soon/#comment-4553
[Mon Dec 09 02:06:22.195001 2024] [proxy_fcgi:error] [pid 4145943:tid 4145943] [client 93.183.93.32:0] AH01071: Got error 'Primary script unknown', referer: http://masonfelt.com/index.php/2019/04/25/coming-soon/#comment-4537
[Mon Dec 09 02:08:53.182582 2024] [proxy_fcgi:error] [pid 4168135:tid 4168135] [client 45.77.175.206:0] AH01071: Got error 'Primary script unknown'
[Mon Dec 09 02:09:03.661096 2024] [proxy_fcgi:error] [pid 1855:tid 1855] [client 47.237.5.250:0] AH01071: Got error 'Primary script unknown'
[Mon Dec 09 02:09:26.424287 2024] [proxy_fcgi:error] [pid 4192240:tid 4192240] [client 77.55.253.202:0] AH01071: Got error 'Primary script unknown'
[Mon Dec 09 02:10:10.556009 2024] [proxy_fcgi:error] [pid 4167975:tid 4167975] [client 143.42.74.151:0] AH01071: Got error 'Primary script unknown'
[Mon Dec 09 02:10:24.113567 2024] [proxy_fcgi:error] [pid 3643:tid 3643] [client 148.72.214.194:0] AH01071: Got error 'Primary script unknown'
[Mon Dec 09 03:05:25.092905 2024] [proxy_fcgi:error] [pid 4145943:tid 4145943] [client 195.2.75.64:0] AH01071: Got error 'Primary script unknown', referer: http://masonfelt.com/index.php/2019/04/25/coming-soon/#comment-4308
[Mon Dec 09 03:11:54.377527 2024] [proxy_fcgi:error] [pid 3643:tid 3643] [client 114.119.156.227:0] AH01071: Got error 'Primary script unknown', referer: http://disturbedgraffix.com/wp-login.php
[Mon Dec 09 03:16:52.578301 2024] [proxy_fcgi:error] [pid 14208:tid 14208] [client 114.119.140.66:0] AH01071: Got error 'Primary script unknown', referer: http://disturbedgraffix.com/index.php/sample-page/
[Mon Dec 09 04:00:24.010667 2024] [proxy_fcgi:error] [pid 4168699:tid 4168699] [client 92.205.212.113:0] AH01071: Got error 'Primary script unknown'
[Mon Dec 09 04:17:10.211825 2024] [proxy_fcgi:error] [pid 3643:tid 3643] [client 54.215.207.216:0] AH01071: Got error 'Primary script unknown', referer: https://disturbedgraffix.com/wp-cron.php?doing_wp_cron=1733717830.1164760589599609375000
[Mon Dec 09 04:22:20.208897 2024] [proxy_fcgi:error] [pid 4192241:tid 4192241] [client 173.236.242.181:0] AH01071: Got error 'Primary script unknown'
[Mon Dec 09 04:22:29.985487 2024] [proxy_fcgi:error] [pid 4167974:tid 4167974] [client 103.115.19.118:0] AH01071: Got error 'Primary script unknown'
[Mon Dec 09 04:22:41.656313 2024] [proxy_fcgi:error] [pid 1855:tid 1855] [client 195.210.46.64:0] AH01071: Got error 'Primary script unknown'
[Mon Dec 09 04:22:44.551361 2024] [proxy_fcgi:error] [pid 1855:tid 1855] [client 91.151.18.32:0] AH01071: Got error 'Primary script unknown'
[Mon Dec 09 04:23:11.478125 2024] [proxy_fcgi:error] [pid 14208:tid 14208] [client 101.201.66.35:0] AH01071: Got error 'Primary script unknown'
[Mon Dec 09 04:23:16.259730 2024] [proxy_fcgi:error] [pid 14208:tid 14208] [client 14.99.58.22:0] AH01071: Got error 'Primary script unknown'
[Mon Dec 09 05:31:08.240250 2024] [autoindex:error] [pid 4168135:tid 4168135] [client 93.123.109.208:0] AH01276: Cannot serve directory /home/mrblaw/public_html/wp-includes/: No matching DirectoryIndex (index.php,index.php8,index.php7,index.php5,index.perl,index.pl,index.plx,index.ppl,index.cgi,index.jsp,index.jp,index.phtml,index.shtml,index.xhtml,index.html,index.htm,index.js) found, and server-generated directory index forbidden by Options directive, referer: www.google.com
[Mon Dec 09 05:31:41.417421 2024] [autoindex:error] [pid 4168699:tid 4168699] [client 93.123.109.208:0] AH01276: Cannot serve directory /home/mrblaw/public_html/wp-admin/css/: No matching DirectoryIndex (index.php,index.php8,index.php7,index.php5,index.perl,index.pl,index.plx,index.ppl,index.cgi,index.jsp,index.jp,index.phtml,index.shtml,index.xhtml,index.html,index.htm,index.js) found, and server-generated directory index forbidden by Options directive, referer: www.google.com
[Mon Dec 09 05:31:54.930411 2024] [autoindex:error] [pid 4167974:tid 4167974] [client 93.123.109.208:0] AH01276: Cannot serve directory /home/mrblaw/public_html/wp-admin/css/colors/: No matching DirectoryIndex (index.php,index.php8,index.php7,index.php5,index.perl,index.pl,index.plx,index.ppl,index.cgi,index.jsp,index.jp,index.phtml,index.shtml,index.xhtml,index.html,index.htm,index.js) found, and server-generated directory index forbidden by Options directive, referer: www.google.com
[Mon Dec 09 05:31:58.816187 2024] [autoindex:error] [pid 4167974:tid 4167974] [client 93.123.109.208:0] AH01276: Cannot serve directory /home/mrblaw/public_html/wp-admin/css/colors/blue/: No matching DirectoryIndex (index.php,index.php8,index.php7,index.php5,index.perl,index.pl,index.plx,index.ppl,index.cgi,index.jsp,index.jp,index.phtml,index.shtml,index.xhtml,index.html,index.htm,index.js) found, and server-generated directory index forbidden by Options directive, referer: www.google.com
[Mon Dec 09 05:32:13.440257 2024] [autoindex:error] [pid 14208:tid 14208] [client 93.123.109.208:0] AH01276: Cannot serve directory /home/mrblaw/public_html/wp-admin/css/colors/coffee/: No matching DirectoryIndex (index.php,index.php8,index.php7,index.php5,index.perl,index.pl,index.plx,index.ppl,index.cgi,index.jsp,index.jp,index.phtml,index.shtml,index.xhtml,index.html,index.htm,index.js) found, and server-generated directory index forbidden by Options directive, referer: www.google.com
[Mon Dec 09 05:32:15.448174 2024] [autoindex:error] [pid 14208:tid 14208] [client 93.123.109.208:0] AH01276: Cannot serve directory /home/mrblaw/public_html/wp-admin/css/colors/ectoplasm/: No matching DirectoryIndex (index.php,index.php8,index.php7,index.php5,index.perl,index.pl,index.plx,index.ppl,index.cgi,index.jsp,index.jp,index.phtml,index.shtml,index.xhtml,index.html,index.htm,index.js) found, and server-generated directory index forbidden by Options directive, referer: www.google.com
[Mon Dec 09 05:32:27.375801 2024] [autoindex:error] [pid 4192240:tid 4192240] [client 93.123.109.208:0] AH01276: Cannot serve directory /home/mrblaw/public_html/wp-admin/css/colors/midnight/: No matching DirectoryIndex (index.php,index.php8,index.php7,index.php5,index.perl,index.pl,index.plx,index.ppl,index.cgi,index.jsp,index.jp,index.phtml,index.shtml,index.xhtml,index.html,index.htm,index.js) found, and server-generated directory index forbidden by Options directive, referer: www.google.com
[Mon Dec 09 05:32:31.570935 2024] [autoindex:error] [pid 4192240:tid 4192240] [client 93.123.109.208:0] AH01276: Cannot serve directory /home/mrblaw/public_html/wp-admin/css/colors/modern/: No matching DirectoryIndex (index.php,index.php8,index.php7,index.php5,index.perl,index.pl,index.plx,index.ppl,index.cgi,index.jsp,index.jp,index.phtml,index.shtml,index.xhtml,index.html,index.htm,index.js) found, and server-generated directory index forbidden by Options directive, referer: www.google.com
[Mon Dec 09 05:32:46.168958 2024] [autoindex:error] [pid 1855:tid 1855] [client 93.123.109.208:0] AH01276: Cannot serve directory /home/mrblaw/public_html/wp-admin/css/colors/ocean/: No matching DirectoryIndex (index.php,index.php8,index.php7,index.php5,index.perl,index.pl,index.plx,index.ppl,index.cgi,index.jsp,index.jp,index.phtml,index.shtml,index.xhtml,index.html,index.htm,index.js) found, and server-generated directory index forbidden by Options directive, referer: www.google.com
[Mon Dec 09 05:32:48.684145 2024] [autoindex:error] [pid 1855:tid 1855] [client 93.123.109.208:0] AH01276: Cannot serve directory /home/mrblaw/public_html/wp-admin/images/: No matching DirectoryIndex (index.php,index.php8,index.php7,index.php5,index.perl,index.pl,index.plx,index.ppl,index.cgi,index.jsp,index.jp,index.phtml,index.shtml,index.xhtml,index.html,index.htm,index.js) found, and server-generated directory index forbidden by Options directive, referer: www.google.com
[Mon Dec 09 05:33:32.403816 2024] [autoindex:error] [pid 4167974:tid 4167974] [client 93.123.109.208:0] AH01276: Cannot serve directory /home/mrblaw/public_html/wp-admin/js/: No matching DirectoryIndex (index.php,index.php8,index.php7,index.php5,index.perl,index.pl,index.plx,index.ppl,index.cgi,index.jsp,index.jp,index.phtml,index.shtml,index.xhtml,index.html,index.htm,index.js) found, and server-generated directory index forbidden by Options directive, referer: www.google.com
[Mon Dec 09 05:35:58.135815 2024] [autoindex:error] [pid 4145943:tid 4145943] [client 93.123.109.208:0] AH01276: Cannot serve directory /home/mrblaw/public_html/wp-admin/js/widgets/: No matching DirectoryIndex (index.php,index.php8,index.php7,index.php5,index.perl,index.pl,index.plx,index.ppl,index.cgi,index.jsp,index.jp,index.phtml,index.shtml,index.xhtml,index.html,index.htm,index.js) found, and server-generated directory index forbidden by Options directive, referer: www.google.com
[Mon Dec 09 05:36:10.308838 2024] [autoindex:error] [pid 1855:tid 1855] [client 93.123.109.208:0] AH01276: Cannot serve directory /home/mrblaw/public_html/wp-admin/maint/: No matching DirectoryIndex (index.php,index.php8,index.php7,index.php5,index.perl,index.pl,index.plx,index.ppl,index.cgi,index.jsp,index.jp,index.phtml,index.shtml,index.xhtml,index.html,index.htm,index.js) found, and server-generated directory index forbidden by Options directive, referer: www.google.com
[Mon Dec 09 05:41:00.235427 2024] [proxy_fcgi:error] [pid 1855:tid 1855] [client 148.72.214.194:0] AH01071: Got error 'Primary script unknown'
[Mon Dec 09 05:43:23.254021 2024] [autoindex:error] [pid 3643:tid 3643] [client 93.123.109.208:0] AH01276: Cannot serve directory /home/mrblaw/public_html/wp-content/upgrade/: No matching DirectoryIndex (index.php,index.php8,index.php7,index.php5,index.perl,index.pl,index.plx,index.ppl,index.cgi,index.jsp,index.jp,index.phtml,index.shtml,index.xhtml,index.html,index.htm,index.js) found, and server-generated directory index forbidden by Options directive, referer: www.google.com
[Mon Dec 09 05:44:50.236519 2024] [autoindex:error] [pid 14207:tid 14207] [client 93.123.109.208:0] AH01276: Cannot serve directory /home/mrblaw/public_html/wp-content/uploads/: No matching DirectoryIndex (index.php,index.php8,index.php7,index.php5,index.perl,index.pl,index.plx,index.ppl,index.cgi,index.jsp,index.jp,index.phtml,index.shtml,index.xhtml,index.html,index.htm,index.js) found, and server-generated directory index forbidden by Options directive, referer: www.google.com
[Mon Dec 09 05:45:21.211412 2024] [autoindex:error] [pid 3643:tid 3643] [client 93.123.109.208:0] AH01276: Cannot serve directory /home/mrblaw/public_html/wp-content/uploads/2024/11/: No matching DirectoryIndex (index.php,index.php8,index.php7,index.php5,index.perl,index.pl,index.plx,index.ppl,index.cgi,index.jsp,index.jp,index.phtml,index.shtml,index.xhtml,index.html,index.htm,index.js) found, and server-generated directory index forbidden by Options directive, referer: www.google.com
[Mon Dec 09 05:45:46.931371 2024] [autoindex:error] [pid 4168135:tid 4168135] [client 93.123.109.208:0] AH01276: Cannot serve directory /home/mrblaw/public_html/wp-includes/ID3/: No matching DirectoryIndex (index.php,index.php8,index.php7,index.php5,index.perl,index.pl,index.plx,index.ppl,index.cgi,index.jsp,index.jp,index.phtml,index.shtml,index.xhtml,index.html,index.htm,index.js) found, and server-generated directory index forbidden by Options directive, referer: www.google.com
[Mon Dec 09 05:46:32.649598 2024] [autoindex:error] [pid 1855:tid 1855] [client 93.123.109.208:0] AH01276: Cannot serve directory /home/mrblaw/public_html/wp-includes/IXR/: No matching DirectoryIndex (index.php,index.php8,index.php7,index.php5,index.perl,index.pl,index.plx,index.ppl,index.cgi,index.jsp,index.jp,index.phtml,index.shtml,index.xhtml,index.html,index.htm,index.js) found, and server-generated directory index forbidden by Options directive, referer: www.google.com
[Mon Dec 09 05:47:52.464459 2024] [autoindex:error] [pid 4192240:tid 4192240] [client 93.123.109.208:0] AH01276: Cannot serve directory /home/mrblaw/public_html/wp-includes/PHPMailer/: No matching DirectoryIndex (index.php,index.php8,index.php7,index.php5,index.perl,index.pl,index.plx,index.ppl,index.cgi,index.jsp,index.jp,index.phtml,index.shtml,index.xhtml,index.html,index.htm,index.js) found, and server-generated directory index forbidden by Options directive, referer: www.google.com
[Mon Dec 09 05:48:21.926176 2024] [autoindex:error] [pid 4192241:tid 4192241] [client 93.123.109.208:0] AH01276: Cannot serve directory /home/mrblaw/public_html/wp-includes/Requests/: No matching DirectoryIndex (index.php,index.php8,index.php7,index.php5,index.perl,index.pl,index.plx,index.ppl,index.cgi,index.jsp,index.jp,index.phtml,index.shtml,index.xhtml,index.html,index.htm,index.js) found, and server-generated directory index forbidden by Options directive, referer: www.google.com
[Mon Dec 09 05:49:32.280498 2024] [autoindex:error] [pid 4168699:tid 4168699] [client 93.123.109.208:0] AH01276: Cannot serve directory /home/mrblaw/public_html/wp-includes/SimplePie/: No matching DirectoryIndex (index.php,index.php8,index.php7,index.php5,index.perl,index.pl,index.plx,index.ppl,index.cgi,index.jsp,index.jp,index.phtml,index.shtml,index.xhtml,index.html,index.htm,index.js) found, and server-generated directory index forbidden by Options directive, referer: www.google.com
[Mon Dec 09 05:50:26.364999 2024] [autoindex:error] [pid 14208:tid 14208] [client 93.123.109.208:0] AH01276: Cannot serve directory /home/mrblaw/public_html/wp-includes/Text/: No matching DirectoryIndex (index.php,index.php8,index.php7,index.php5,index.perl,index.pl,index.plx,index.ppl,index.cgi,index.jsp,index.jp,index.phtml,index.shtml,index.xhtml,index.html,index.htm,index.js) found, and server-generated directory index forbidden by Options directive, referer: www.google.com
[Mon Dec 09 05:50:34.322873 2024] [autoindex:error] [pid 14207:tid 14207] [client 93.123.109.208:0] AH01276: Cannot serve directory /home/mrblaw/public_html/wp-includes/assets/: No matching DirectoryIndex (index.php,index.php8,index.php7,index.php5,index.perl,index.pl,index.plx,index.ppl,index.cgi,index.jsp,index.jp,index.phtml,index.shtml,index.xhtml,index.html,index.htm,index.js) found, and server-generated directory index forbidden by Options directive, referer: www.google.com
[Mon Dec 09 05:50:42.345942 2024] [autoindex:error] [pid 4145943:tid 4145943] [client 93.123.109.208:0] AH01276: Cannot serve directory /home/mrblaw/public_html/wp-includes/block-patterns/: No matching DirectoryIndex (index.php,index.php8,index.php7,index.php5,index.perl,index.pl,index.plx,index.ppl,index.cgi,index.jsp,index.jp,index.phtml,index.shtml,index.xhtml,index.html,index.htm,index.js) found, and server-generated directory index forbidden by Options directive, referer: www.google.com
[Mon Dec 09 05:50:54.856856 2024] [autoindex:error] [pid 3643:tid 3643] [client 93.123.109.208:0] AH01276: Cannot serve directory /home/mrblaw/public_html/wp-includes/block-supports/: No matching DirectoryIndex (index.php,index.php8,index.php7,index.php5,index.perl,index.pl,index.plx,index.ppl,index.cgi,index.jsp,index.jp,index.phtml,index.shtml,index.xhtml,index.html,index.htm,index.js) found, and server-generated directory index forbidden by Options directive, referer: www.google.com
[Mon Dec 09 05:51:21.996181 2024] [autoindex:error] [pid 4192241:tid 4192241] [client 93.123.109.208:0] AH01276: Cannot serve directory /home/mrblaw/public_html/wp-includes/certificates/: No matching DirectoryIndex (index.php,index.php8,index.php7,index.php5,index.perl,index.pl,index.plx,index.ppl,index.cgi,index.jsp,index.jp,index.phtml,index.shtml,index.xhtml,index.html,index.htm,index.js) found, and server-generated directory index forbidden by Options directive, referer: www.google.com
[Mon Dec 09 05:51:23.500156 2024] [proxy_fcgi:error] [pid 4192241:tid 4192241] [client 172.104.187.239:0] AH01071: Got error 'Primary script unknown'
[Mon Dec 09 05:51:24.916173 2024] [proxy_fcgi:error] [pid 4192241:tid 4192241] [client 160.251.148.126:0] AH01071: Got error 'Primary script unknown'
[Mon Dec 09 05:51:36.755172 2024] [proxy_fcgi:error] [pid 14208:tid 14208] [client 157.66.13.60:0] AH01071: Got error 'Primary script unknown'
[Mon Dec 09 05:51:50.247809 2024] [proxy_fcgi:error] [pid 14207:tid 14207] [client 69.163.180.244:0] AH01071: Got error 'Primary script unknown'
[Mon Dec 09 05:51:57.883660 2024] [proxy_fcgi:error] [pid 4145943:tid 4145943] [client 14.99.58.22:0] AH01071: Got error 'Primary script unknown'
[Mon Dec 09 05:52:11.067756 2024] [autoindex:error] [pid 3643:tid 3643] [client 93.123.109.208:0] AH01276: Cannot serve directory /home/mrblaw/public_html/wp-includes/css/: No matching DirectoryIndex (index.php,index.php8,index.php7,index.php5,index.perl,index.pl,index.plx,index.ppl,index.cgi,index.jsp,index.jp,index.phtml,index.shtml,index.xhtml,index.html,index.htm,index.js) found, and server-generated directory index forbidden by Options directive, referer: www.google.com
[Mon Dec 09 05:52:16.182438 2024] [autoindex:error] [pid 3643:tid 3643] [client 93.123.109.208:0] AH01276: Cannot serve directory /home/mrblaw/public_html/wp-includes/customize/: No matching DirectoryIndex (index.php,index.php8,index.php7,index.php5,index.perl,index.pl,index.plx,index.ppl,index.cgi,index.jsp,index.jp,index.phtml,index.shtml,index.xhtml,index.html,index.htm,index.js) found, and server-generated directory index forbidden by Options directive, referer: www.google.com
