[Mon Jan 13 21:12:56.964140 2025] [proxy_fcgi:error] [pid 3720757:tid 3720757] [client 185.242.7.21:0] AH01071: Got error 'Primary script unknown', referer: http://masonfelt.com/index.php/2019/04/25/coming-soon/
[Mon Jan 13 21:20:55.797238 2025] [proxy_fcgi:error] [pid 3708402:tid 3708402] [client 84.54.47.190:0] AH01071: Got error 'Primary script unknown', referer: http://masonfelt.com/index.php/2019/04/25/coming-soon/#comment-4537
[Mon Jan 13 21:29:24.196842 2025] [proxy_fcgi:error] [pid 3720758:tid 3720758] [client 93.183.94.206:0] AH01071: Got error 'Primary script unknown', referer: http://masonfelt.com/index.php/2019/04/25/coming-soon/#comment-4492
[Mon Jan 13 21:35:28.915644 2025] [proxy_fcgi:error] [pid 3605914:tid 3605914] [client 84.54.44.30:0] AH01071: Got error 'Primary script unknown', referer: http://masonfelt.com/index.php/2019/04/25/coming-soon/#comment-4506
[Mon Jan 13 22:08:42.888937 2025] [proxy_fcgi:error] [pid 3605914:tid 3605914] [client 5.161.99.209:0] AH01071: Got error 'Primary script unknown'
[Mon Jan 13 22:43:50.365048 2025] [proxy_fcgi:error] [pid 3708402:tid 3708402] [client 87.120.113.169:0] AH01071: Got error 'Primary script unknown', referer: www.google.com
[Mon Jan 13 22:44:16.427792 2025] [proxy_fcgi:error] [pid 3714046:tid 3714046] [client 87.120.113.169:0] AH01071: Got error 'Primary script unknown', referer: www.google.com
[Mon Jan 13 22:44:51.558479 2025] [proxy_fcgi:error] [pid 3720759:tid 3720759] [client 5.161.99.209:0] AH01071: Got error 'Primary script unknown'
[Mon Jan 13 22:45:36.313226 2025] [proxy_fcgi:error] [pid 3687361:tid 3687361] [client 87.120.113.169:0] AH01071: Got error 'Primary script unknown', referer: www.google.com
[Mon Jan 13 22:46:22.567319 2025] [proxy_fcgi:error] [pid 3469053:tid 3469053] [client 87.120.113.169:0] AH01071: Got error 'Primary script unknown', referer: www.google.com
[Mon Jan 13 22:54:22.773377 2025] [proxy_fcgi:error] [pid 3469053:tid 3469053] [client 88.201.253.140:0] AH01071: Got error 'Primary script unknown', referer: http://masonfelt.com/index.php/2019/04/25/coming-soon/
[Mon Jan 13 22:59:22.881106 2025] [proxy_fcgi:error] [pid 3605914:tid 3605914] [client 91.142.73.116:0] AH01071: Got error 'Primary script unknown', referer: http://masonfelt.com/index.php/2019/04/25/coming-soon/
[Mon Jan 13 23:21:43.282570 2025] [proxy_fcgi:error] [pid 3714046:tid 3714046] [client 154.196.35.253:0] AH01071: Got error 'Primary script unknown', referer: http://masonfelt.com/index.php/2019/04/25/coming-soon/#comment-5908
[Tue Jan 14 00:34:14.067313 2025] [core:crit] [pid 3687361:tid 3687361] (13)Permission denied: [client 205.210.31.250:63966] AH00529: /home/dladmin/public_html/.htaccess pcfg_openfile: unable to check htaccess file, ensure it is readable and that '/home/dladmin/public_html/' is executable
[Tue Jan 14 01:04:15.063841 2025] [proxy_fcgi:error] [pid 3646774:tid 3646774] [client 38.252.239.77:0] AH01071: Got error 'Primary script unknown', referer: www.google.com
[Tue Jan 14 01:04:30.364012 2025] [proxy_fcgi:error] [pid 3778051:tid 3778051] [client 38.252.239.77:0] AH01071: Got error 'Primary script unknown', referer: www.google.com
[Tue Jan 14 01:05:13.507006 2025] [proxy_fcgi:error] [pid 3605914:tid 3605914] [client 38.252.239.77:0] AH01071: Got error 'Primary script unknown', referer: www.google.com
[Tue Jan 14 01:05:38.298032 2025] [proxy_fcgi:error] [pid 3469053:tid 3469053] [client 38.252.239.77:0] AH01071: Got error 'Primary script unknown', referer: www.google.com
[Tue Jan 14 01:32:53.410935 2025] [proxy_fcgi:error] [pid 3469053:tid 3469053] [client 46.246.3.194:0] AH01071: Got error 'Primary script unknown', referer: http://masonfelt.com/index.php/2019/04/25/coming-soon/
[Tue Jan 14 01:37:49.989745 2025] [autoindex:error] [pid 3708402:tid 3708402] [client 192.88.134.14:0] AH01276: Cannot serve directory /home/icsla/public_html/wp-admin/css/: No matching DirectoryIndex (index.php,index.php8,index.php7,index.php5,index.perl,index.pl,index.plx,index.ppl,index.cgi,index.jsp,index.jp,index.phtml,index.shtml,index.xhtml,index.html,index.htm,index.js) found, and server-generated directory index forbidden by Options directive, referer: binance.com
[Tue Jan 14 01:37:55.138669 2025] [autoindex:error] [pid 3708402:tid 3708402] [client 192.88.134.14:0] AH01276: Cannot serve directory /home/icsla/public_html/wp-admin/css/: No matching DirectoryIndex (index.php,index.php8,index.php7,index.php5,index.perl,index.pl,index.plx,index.ppl,index.cgi,index.jsp,index.jp,index.phtml,index.shtml,index.xhtml,index.html,index.htm,index.js) found, and server-generated directory index forbidden by Options directive, referer: binance.com
[Tue Jan 14 01:38:02.117684 2025] [autoindex:error] [pid 3605914:tid 3605914] [client 192.88.134.14:0] AH01276: Cannot serve directory /home/icsla/public_html/.well-known/: No matching DirectoryIndex (index.php,index.php8,index.php7,index.php5,index.perl,index.pl,index.plx,index.ppl,index.cgi,index.jsp,index.jp,index.phtml,index.shtml,index.xhtml,index.html,index.htm,index.js) found, and server-generated directory index forbidden by Options directive, referer: binance.com
[Tue Jan 14 01:38:06.602137 2025] [autoindex:error] [pid 3605914:tid 3605914] [client 192.88.134.14:0] AH01276: Cannot serve directory /home/icsla/public_html/.well-known/: No matching DirectoryIndex (index.php,index.php8,index.php7,index.php5,index.perl,index.pl,index.plx,index.ppl,index.cgi,index.jsp,index.jp,index.phtml,index.shtml,index.xhtml,index.html,index.htm,index.js) found, and server-generated directory index forbidden by Options directive, referer: binance.com
[Tue Jan 14 02:14:15.789356 2025] [proxy_fcgi:error] [pid 3778048:tid 3778048] [client 66.249.77.195:0] AH01071: Got error 'Primary script unknown'
[Tue Jan 14 02:36:41.963171 2025] [core:crit] [pid 3778051:tid 3778051] (13)Permission denied: [client 185.7.214.69:37562] AH00529: /home/dladmin/public_html/.htaccess pcfg_openfile: unable to check htaccess file, ensure it is readable and that '/home/dladmin/public_html/' is executable
[Tue Jan 14 02:36:42.676948 2025] [core:crit] [pid 3605914:tid 3605914] (13)Permission denied: [client 185.7.214.69:38451] AH00529: /home/dladmin/public_html/.htaccess pcfg_openfile: unable to check htaccess file, ensure it is readable and that '/home/dladmin/public_html/' is executable
[Tue Jan 14 02:47:58.046016 2025] [proxy_fcgi:error] [pid 3781439:tid 3781439] [client 154.196.35.253:0] AH01071: Got error 'Primary script unknown', referer: http://masonfelt.com/index.php/2019/04/25/coming-soon/#comment-5908
[Tue Jan 14 03:00:15.884288 2025] [proxy_fcgi:error] [pid 3778051:tid 3778051] [client 66.249.77.195:0] AH01071: Got error 'Primary script unknown'
[Tue Jan 14 04:28:21.929160 2025] [autoindex:error] [pid 3778051:tid 3778051] [client 185.93.228.14:0] AH01276: Cannot serve directory /home/icsla/public_html/wp-admin/css/: No matching DirectoryIndex (index.php,index.php8,index.php7,index.php5,index.perl,index.pl,index.plx,index.ppl,index.cgi,index.jsp,index.jp,index.phtml,index.shtml,index.xhtml,index.html,index.htm,index.js) found, and server-generated directory index forbidden by Options directive, referer: binance.com
[Tue Jan 14 04:28:28.382064 2025] [autoindex:error] [pid 3720759:tid 3720759] [client 185.93.228.14:0] AH01276: Cannot serve directory /home/icsla/public_html/.well-known/: No matching DirectoryIndex (index.php,index.php8,index.php7,index.php5,index.perl,index.pl,index.plx,index.ppl,index.cgi,index.jsp,index.jp,index.phtml,index.shtml,index.xhtml,index.html,index.htm,index.js) found, and server-generated directory index forbidden by Options directive, referer: binance.com
[Tue Jan 14 04:30:15.894050 2025] [cgi:error] [pid 3781438:tid 3781438] [client 66.249.77.193:0] AH02812: stderr from /home/disturbedgraffix/public_html/cgi-bin/: attempt to invoke directory as script
[Tue Jan 14 04:59:49.693784 2025] [proxy_fcgi:error] [pid 3687361:tid 3687361] [client 193.26.115.228:0] AH01071: Got error 'Primary script unknown'
[Tue Jan 14 05:14:04.605645 2025] [proxy_fcgi:error] [pid 3781439:tid 3781439] [client 195.2.84.198:0] AH01071: Got error 'Primary script unknown', referer: http://masonfelt.com/index.php/2019/04/25/coming-soon/
[Tue Jan 14 05:17:40.979642 2025] [proxy_fcgi:error] [pid 3469053:tid 3469053] [client 62.113.113.162:0] AH01071: Got error 'Primary script unknown', referer: http://masonfelt.com/index.php/2019/04/25/coming-soon/
[Tue Jan 14 05:36:21.874141 2025] [proxy_fcgi:error] [pid 3720759:tid 3720759] [client 178.20.46.206:0] AH01071: Got error 'Primary script unknown', referer: http://masonfelt.com/index.php/2019/04/25/coming-soon/#comment-4308
[Tue Jan 14 05:39:46.477234 2025] [proxy_fcgi:error] [pid 3778051:tid 3778051] [client 83.217.213.120:0] AH01071: Got error 'Primary script unknown', referer: http://masonfelt.com/index.php/2019/04/25/coming-soon/#comment-3149
[Tue Jan 14 06:00:15.910667 2025] [proxy_fcgi:error] [pid 3781438:tid 3781438] [client 66.249.77.195:0] AH01071: Got error 'Primary script unknown'
[Tue Jan 14 06:25:15.684508 2025] [proxy_fcgi:error] [pid 3731650:tid 3731650] [client 178.20.43.173:0] AH01071: Got error 'Primary script unknown', referer: http://masonfelt.com/index.php/2019/04/25/coming-soon/#comment-2732
[Tue Jan 14 07:15:35.722514 2025] [proxy_fcgi:error] [pid 3687361:tid 3687361] [client 62.113.113.162:0] AH01071: Got error 'Primary script unknown', referer: http://masonfelt.com/index.php/2019/04/25/coming-soon/
[Tue Jan 14 08:14:15.636382 2025] [proxy_fcgi:error] [pid 3821415:tid 3821415] [client 66.249.77.194:0] AH01071: Got error 'Primary script unknown'
[Tue Jan 14 08:58:49.274409 2025] [proxy_fcgi:error] [pid 3821415:tid 3821415] [client 178.20.43.173:0] AH01071: Got error 'Primary script unknown', referer: http://masonfelt.com/index.php/2019/04/25/coming-soon/#comment-2732
[Tue Jan 14 09:07:39.313592 2025] [proxy_fcgi:error] [pid 3821415:tid 3821415] [client 93.183.93.32:0] AH01071: Got error 'Primary script unknown', referer: http://masonfelt.com/index.php/2019/04/25/coming-soon/#comment-4308
[Tue Jan 14 09:45:07.409085 2025] [proxy_fcgi:error] [pid 3821414:tid 3821414] [client 154.195.190.215:0] AH01071: Got error 'Primary script unknown', referer: http://masonfelt.com/index.php/2019/04/25/coming-soon/
[Tue Jan 14 09:53:30.493186 2025] [proxy_fcgi:error] [pid 3687361:tid 3687361] [client 46.8.56.59:0] AH01071: Got error 'Primary script unknown', referer: http://masonfelt.com/index.php/2019/04/25/coming-soon/
[Tue Jan 14 10:26:47.481316 2025] [proxy_fcgi:error] [pid 3825467:tid 3825467] [client 154.195.190.215:0] AH01071: Got error 'Primary script unknown', referer: http://masonfelt.com/index.php/2019/04/25/coming-soon/
[Tue Jan 14 12:26:57.689697 2025] [cgi:error] [pid 3687361:tid 3687361] [client 65.21.113.203:0] AH02812: stderr from /home/disturbedgraffix/public_html/cgi-bin/: attempt to invoke directory as script
[Tue Jan 14 13:35:43.259294 2025] [core:crit] [pid 3781438:tid 3781438] (13)Permission denied: [client 157.230.237.60:45802] AH00529: /home/dladmin/public_html/.htaccess pcfg_openfile: unable to check htaccess file, ensure it is readable and that '/home/dladmin/public_html/' is executable
[Tue Jan 14 13:55:58.001110 2025] [cgi:error] [pid 3847234:tid 3847234] [client 157.90.182.30:0] AH02812: stderr from /home/disturbedgraffix/public_html/cgi-bin/: attempt to invoke directory as script
[Tue Jan 14 14:14:15.683649 2025] [proxy_fcgi:error] [pid 3687361:tid 3687361] [client 66.249.77.193:0] AH01071: Got error 'Primary script unknown'
[Tue Jan 14 14:18:27.549382 2025] [autoindex:error] [pid 3847239:tid 3847239] [client 185.93.228.14:0] AH01276: Cannot serve directory /home/icsla/public_html/wp-admin/css/: No matching DirectoryIndex (index.php,index.php8,index.php7,index.php5,index.perl,index.pl,index.plx,index.ppl,index.cgi,index.jsp,index.jp,index.phtml,index.shtml,index.xhtml,index.html,index.htm,index.js) found, and server-generated directory index forbidden by Options directive, referer: binance.com
[Tue Jan 14 14:18:34.774568 2025] [autoindex:error] [pid 3687361:tid 3687361] [client 185.93.228.14:0] AH01276: Cannot serve directory /home/icsla/public_html/wp-admin/css/: No matching DirectoryIndex (index.php,index.php8,index.php7,index.php5,index.perl,index.pl,index.plx,index.ppl,index.cgi,index.jsp,index.jp,index.phtml,index.shtml,index.xhtml,index.html,index.htm,index.js) found, and server-generated directory index forbidden by Options directive, referer: binance.com
[Tue Jan 14 14:18:41.737222 2025] [autoindex:error] [pid 3821414:tid 3821414] [client 185.93.228.14:0] AH01276: Cannot serve directory /home/icsla/public_html/.well-known/: No matching DirectoryIndex (index.php,index.php8,index.php7,index.php5,index.perl,index.pl,index.plx,index.ppl,index.cgi,index.jsp,index.jp,index.phtml,index.shtml,index.xhtml,index.html,index.htm,index.js) found, and server-generated directory index forbidden by Options directive, referer: binance.com
[Tue Jan 14 14:18:49.661052 2025] [autoindex:error] [pid 3605914:tid 3605914] [client 185.93.228.14:0] AH01276: Cannot serve directory /home/icsla/public_html/.well-known/: No matching DirectoryIndex (index.php,index.php8,index.php7,index.php5,index.perl,index.pl,index.plx,index.ppl,index.cgi,index.jsp,index.jp,index.phtml,index.shtml,index.xhtml,index.html,index.htm,index.js) found, and server-generated directory index forbidden by Options directive, referer: binance.com
[Tue Jan 14 14:28:50.605882 2025] [core:crit] [pid 3821416:tid 3821416] (13)Permission denied: [client 34.38.233.156:60200] AH00529: /home/dladmin/public_html/.htaccess pcfg_openfile: unable to check htaccess file, ensure it is readable and that '/home/dladmin/public_html/' is executable
[Tue Jan 14 14:52:04.141049 2025] [core:crit] [pid 3854260:tid 3854260] (13)Permission denied: [client 185.7.214.69:5868] AH00529: /home/dladmin/public_html/.htaccess pcfg_openfile: unable to check htaccess file, ensure it is readable and that '/home/dladmin/public_html/' is executable
[Tue Jan 14 14:52:04.866136 2025] [core:crit] [pid 3847239:tid 3847239] (13)Permission denied: [client 185.7.214.69:7960] AH00529: /home/dladmin/public_html/.htaccess pcfg_openfile: unable to check htaccess file, ensure it is readable and that '/home/dladmin/public_html/' is executable
[Tue Jan 14 15:28:57.039884 2025] [proxy_fcgi:error] [pid 3854259:tid 3854259] [client 93.183.93.32:0] AH01071: Got error 'Primary script unknown', referer: http://masonfelt.com/index.php/2019/04/25/coming-soon/#comment-4308
[Tue Jan 14 16:43:17.778441 2025] [proxy_fcgi:error] [pid 3854260:tid 3854260] [client 195.2.75.64:0] AH01071: Got error 'Primary script unknown', referer: http://masonfelt.com/index.php/2019/04/25/coming-soon/#comment-4308
[Tue Jan 14 16:54:35.591429 2025] [core:crit] [pid 3854260:tid 3854260] (13)Permission denied: [client 15.204.47.3:43200] AH00529: /home/dladmin/public_html/.htaccess pcfg_openfile: unable to check htaccess file, ensure it is readable and that '/home/dladmin/public_html/' is executable
[Tue Jan 14 16:54:36.179447 2025] [cgi:error] [pid 3605914:tid 3605914] [client 15.204.47.3:43220] AH02811: stderr from /var/www/html/index.cgi: script not found or unable to stat
[Tue Jan 14 16:54:41.117388 2025] [core:crit] [pid 3860936:tid 3860936] (13)Permission denied: [client 15.204.47.3:43230] AH00529: /home/dladmin/public_html/.htaccess pcfg_openfile: unable to check htaccess file, ensure it is readable and that '/home/dladmin/public_html/' is executable
[Tue Jan 14 16:54:43.166253 2025] [cgi:error] [pid 3860937:tid 3860937] [client 15.204.47.3:33844] AH02811: stderr from /var/www/html/admin.pl: script not found or unable to stat
[Tue Jan 14 17:14:15.892469 2025] [proxy_fcgi:error] [pid 3821416:tid 3821416] [client 66.249.77.194:0] AH01071: Got error 'Primary script unknown'
[Tue Jan 14 17:31:26.143933 2025] [proxy_fcgi:error] [pid 3860176:tid 3860176] [client 84.54.44.30:0] AH01071: Got error 'Primary script unknown', referer: http://masonfelt.com/index.php/2019/04/25/coming-soon/#comment-4308
[Tue Jan 14 17:39:26.162341 2025] [proxy_fcgi:error] [pid 3854260:tid 3854260] [client 202.144.128.216:0] AH01071: Got error 'Primary script unknown'
[Tue Jan 14 17:39:27.068362 2025] [proxy_fcgi:error] [pid 3854260:tid 3854260] [client 202.144.128.216:0] AH01071: Got error 'Primary script unknown'
[Tue Jan 14 17:52:41.501146 2025] [cgi:error] [pid 3860176:tid 3860176] [client 213.239.205.62:0] AH02812: stderr from /home/masonfelt/public_html/cgi-bin/: attempt to invoke directory as script
[Tue Jan 14 17:53:20.498650 2025] [proxy_fcgi:error] [pid 3860936:tid 3860936] [client 178.20.46.206:0] AH01071: Got error 'Primary script unknown', referer: http://masonfelt.com/index.php/2019/04/25/coming-soon/#comment-4308
[Tue Jan 14 19:21:58.659577 2025] [autoindex:error] [pid 3847234:tid 3847234] [client 192.88.134.14:0] AH01276: Cannot serve directory /home/icsla/public_html/wp-admin/js/: No matching DirectoryIndex (index.php,index.php8,index.php7,index.php5,index.perl,index.pl,index.plx,index.ppl,index.cgi,index.jsp,index.jp,index.phtml,index.shtml,index.xhtml,index.html,index.htm,index.js) found, and server-generated directory index forbidden by Options directive, referer: http://www.icsla.us/wp-admin/js/index.php
[Tue Jan 14 19:22:17.560879 2025] [autoindex:error] [pid 3605914:tid 3605914] [client 192.88.134.14:0] AH01276: Cannot serve directory /home/icsla/public_html/wp-admin/maint/: No matching DirectoryIndex (index.php,index.php8,index.php7,index.php5,index.perl,index.pl,index.plx,index.ppl,index.cgi,index.jsp,index.jp,index.phtml,index.shtml,index.xhtml,index.html,index.htm,index.js) found, and server-generated directory index forbidden by Options directive, referer: http://www.icsla.us/wp-admin/maint/index.php
[Tue Jan 14 19:22:25.510432 2025] [autoindex:error] [pid 3605914:tid 3605914] [client 192.88.134.14:0] AH01276: Cannot serve directory /home/icsla/public_html/.well-known/: No matching DirectoryIndex (index.php,index.php8,index.php7,index.php5,index.perl,index.pl,index.plx,index.ppl,index.cgi,index.jsp,index.jp,index.phtml,index.shtml,index.xhtml,index.html,index.htm,index.js) found, and server-generated directory index forbidden by Options directive
[Tue Jan 14 19:23:39.682345 2025] [autoindex:error] [pid 3860176:tid 3860176] [client 192.88.134.14:0] AH01276: Cannot serve directory /home/icsla/public_html/wp-admin/css/colors/blue/: No matching DirectoryIndex (index.php,index.php8,index.php7,index.php5,index.perl,index.pl,index.plx,index.ppl,index.cgi,index.jsp,index.jp,index.phtml,index.shtml,index.xhtml,index.html,index.htm,index.js) found, and server-generated directory index forbidden by Options directive
[Tue Jan 14 19:24:08.521208 2025] [autoindex:error] [pid 3821414:tid 3821414] [client 192.88.134.14:0] AH01276: Cannot serve directory /home/icsla/public_html/.well-known/acme-challenge/: No matching DirectoryIndex (index.php,index.php8,index.php7,index.php5,index.perl,index.pl,index.plx,index.ppl,index.cgi,index.jsp,index.jp,index.phtml,index.shtml,index.xhtml,index.html,index.htm,index.js) found, and server-generated directory index forbidden by Options directive, referer: http://www.icsla.us/.well-known/acme-challenge/index.php
[Tue Jan 14 19:46:44.189782 2025] [core:crit] [pid 3860936:tid 3860936] (13)Permission denied: [client 134.122.98.97:45252] AH00529: /home/dladmin/public_html/.htaccess pcfg_openfile: unable to check htaccess file, ensure it is readable and that '/home/dladmin/public_html/' is executable
[Tue Jan 14 19:46:44.807092 2025] [core:crit] [pid 3847239:tid 3847239] (13)Permission denied: [client 134.122.98.97:45260] AH00529: /home/dladmin/public_html/.htaccess pcfg_openfile: unable to check htaccess file, ensure it is readable and that '/home/dladmin/public_html/' is executable
[Tue Jan 14 19:55:00.146607 2025] [core:crit] [pid 3847239:tid 3847239] (13)Permission denied: [client 198.235.24.103:61786] AH00529: /home/dladmin/public_html/.htaccess pcfg_openfile: unable to check htaccess file, ensure it is readable and that '/home/dladmin/public_html/' is executable
[Tue Jan 14 21:56:08.544082 2025] [proxy_fcgi:error] [pid 3860176:tid 3860176] [client 195.2.85.110:0] AH01071: Got error 'Primary script unknown', referer: http://masonfelt.com/index.php/2019/04/25/coming-soon/#comment-4308
[Tue Jan 14 23:02:04.551927 2025] [proxy_fcgi:error] [pid 3860176:tid 3860176] [client 195.2.84.178:0] AH01071: Got error 'Primary script unknown', referer: http://masonfelt.com/index.php/2019/04/25/coming-soon/#comment-4308
[Tue Jan 14 23:26:05.658846 2025] [proxy_fcgi:error] [pid 3847239:tid 3847239] [client 94.103.88.177:0] AH01071: Got error 'Primary script unknown', referer: http://masonfelt.com/index.php/2019/04/25/coming-soon/#comment-4308
[Tue Jan 14 23:40:09.964408 2025] [proxy_fcgi:error] [pid 3847234:tid 3847234] [client 84.54.47.190:0] AH01071: Got error 'Primary script unknown', referer: http://masonfelt.com/index.php/2019/04/25/coming-soon/#comment-4308
[Tue Jan 14 23:41:24.876435 2025] [proxy_fcgi:error] [pid 3605914:tid 3605914] [client 94.103.88.177:0] AH01071: Got error 'Primary script unknown', referer: http://masonfelt.com/index.php/2019/04/25/coming-soon/#comment-4308
[Wed Jan 15 00:10:51.947040 2025] [autoindex:error] [pid 3821414:tid 3821414] [client 185.93.230.14:0] AH01276: Cannot serve directory /home/icsla/public_html/wp-admin/css/: No matching DirectoryIndex (index.php,index.php8,index.php7,index.php5,index.perl,index.pl,index.plx,index.ppl,index.cgi,index.jsp,index.jp,index.phtml,index.shtml,index.xhtml,index.html,index.htm,index.js) found, and server-generated directory index forbidden by Options directive, referer: binance.com
[Wed Jan 15 00:10:55.231724 2025] [autoindex:error] [pid 3821414:tid 3821414] [client 192.88.135.14:0] AH01276: Cannot serve directory /home/icsla/public_html/wp-admin/css/: No matching DirectoryIndex (index.php,index.php8,index.php7,index.php5,index.perl,index.pl,index.plx,index.ppl,index.cgi,index.jsp,index.jp,index.phtml,index.shtml,index.xhtml,index.html,index.htm,index.js) found, and server-generated directory index forbidden by Options directive, referer: binance.com
[Wed Jan 15 00:11:00.920014 2025] [autoindex:error] [pid 3821414:tid 3821414] [client 192.88.135.14:0] AH01276: Cannot serve directory /home/icsla/public_html/.well-known/: No matching DirectoryIndex (index.php,index.php8,index.php7,index.php5,index.perl,index.pl,index.plx,index.ppl,index.cgi,index.jsp,index.jp,index.phtml,index.shtml,index.xhtml,index.html,index.htm,index.js) found, and server-generated directory index forbidden by Options directive, referer: binance.com
[Wed Jan 15 00:11:06.150915 2025] [autoindex:error] [pid 3821414:tid 3821414] [client 185.93.230.14:0] AH01276: Cannot serve directory /home/icsla/public_html/.well-known/: No matching DirectoryIndex (index.php,index.php8,index.php7,index.php5,index.perl,index.pl,index.plx,index.ppl,index.cgi,index.jsp,index.jp,index.phtml,index.shtml,index.xhtml,index.html,index.htm,index.js) found, and server-generated directory index forbidden by Options directive, referer: binance.com
[Wed Jan 15 00:16:19.643568 2025] [proxy_fcgi:error] [pid 3605914:tid 3605914] [client 195.2.76.183:0] AH01071: Got error 'Primary script unknown', referer: http://masonfelt.com/index.php/2019/04/25/coming-soon/#comment-4308
[Wed Jan 15 00:31:30.195214 2025] [autoindex:error] [pid 3847239:tid 3847239] [client 4.213.75.5:0] AH01276: Cannot serve directory /home/mrblaw/public_html/wp-admin/css/: No matching DirectoryIndex (index.php,index.php8,index.php7,index.php5,index.perl,index.pl,index.plx,index.ppl,index.cgi,index.jsp,index.jp,index.phtml,index.shtml,index.xhtml,index.html,index.htm,index.js) found, and server-generated directory index forbidden by Options directive, referer: binance.com
[Wed Jan 15 00:31:33.749059 2025] [autoindex:error] [pid 3847239:tid 3847239] [client 4.213.75.5:0] AH01276: Cannot serve directory /home/mrblaw/public_html/.well-known/: No matching DirectoryIndex (index.php,index.php8,index.php7,index.php5,index.perl,index.pl,index.plx,index.ppl,index.cgi,index.jsp,index.jp,index.phtml,index.shtml,index.xhtml,index.html,index.htm,index.js) found, and server-generated directory index forbidden by Options directive, referer: binance.com
[Wed Jan 15 00:31:38.680774 2025] [proxy_fcgi:error] [pid 3860176:tid 3860176] [client 62.113.115.161:0] AH01071: Got error 'Primary script unknown', referer: http://masonfelt.com/index.php/2019/04/25/coming-soon/#comment-4308
[Wed Jan 15 00:42:52.237677 2025] [proxy_fcgi:error] [pid 3892327:tid 3892327] [client 195.2.76.117:0] AH01071: Got error 'Primary script unknown', referer: http://masonfelt.com/index.php/2019/04/25/coming-soon/#comment-4308
[Wed Jan 15 01:31:44.355625 2025] [mpm_prefork:notice] [pid 3429286:tid 3429286] AH00171: Graceful restart requested, doing restart
[Wed Jan 15 01:31:44.472646 2025] [:notice] [pid 3429286:tid 3429286] mod_ruid2/0.9.8 enabled
[Wed Jan 15 01:31:44.473078 2025] [mpm_prefork:notice] [pid 3429286:tid 3429286] AH00163: Apache/2.4.62 (cPanel) OpenSSL/3.2.2 mod_bwlimited/1.4 configured -- resuming normal operations
[Wed Jan 15 01:31:44.473091 2025] [core:notice] [pid 3429286:tid 3429286] AH00094: Command line: '/usr/sbin/httpd'
[Wed Jan 15 01:37:53.744184 2025] [proxy_fcgi:error] [pid 3897410:tid 3897410] [client 181.45.195.149:0] AH01071: Got error 'Primary script unknown', referer: disturbedgraffix.com
[Wed Jan 15 01:51:26.525472 2025] [proxy_fcgi:error] [pid 3897408:tid 3897408] [client 159.100.18.45:0] AH01071: Got error 'Primary script unknown', referer: http://masonfelt.com/index.php/2019/04/25/coming-soon/
[Wed Jan 15 02:34:10.523486 2025] [proxy_fcgi:error] [pid 3897406:tid 3897406] [client 62.113.113.106:0] AH01071: Got error 'Primary script unknown', referer: http://masonfelt.com/index.php/2019/04/25/coming-soon/#comment-4308
[Wed Jan 15 02:41:39.913018 2025] [proxy_fcgi:error] [pid 3897407:tid 3897407] [client 185.134.22.93:0] AH01071: Got error 'Primary script unknown'
[Wed Jan 15 02:41:40.666788 2025] [proxy_fcgi:error] [pid 3897407:tid 3897407] [client 185.134.22.93:0] AH01071: Got error 'Primary script unknown'
[Wed Jan 15 02:41:41.044651 2025] [proxy_fcgi:error] [pid 3897407:tid 3897407] [client 185.134.22.93:0] AH01071: Got error 'Primary script unknown'
[Wed Jan 15 02:52:52.414661 2025] [proxy_fcgi:error] [pid 3898775:tid 3898775] [client 95.31.46.14:0] AH01071: Got error 'Primary script unknown', referer: http://masonfelt.com/index.php/2019/04/25/coming-soon/
[Wed Jan 15 04:02:17.814309 2025] [proxy_fcgi:error] [pid 3898777:tid 3898777] [client 154.196.35.253:0] AH01071: Got error 'Primary script unknown', referer: http://masonfelt.com/index.php/2019/04/25/coming-soon/#comment-7213
[Wed Jan 15 04:24:26.880237 2025] [proxy_fcgi:error] [pid 3898777:tid 3898777] [client 193.26.115.228:0] AH01071: Got error 'Primary script unknown'
[Wed Jan 15 04:25:35.452592 2025] [proxy_fcgi:error] [pid 3901744:tid 3901744] [client 66.249.77.195:0] AH01071: Got error 'Primary script unknown'
[Wed Jan 15 04:50:22.958493 2025] [proxy_fcgi:error] [pid 3910379:tid 3910379] [client 54.215.207.216:0] AH01071: Got error 'Primary script unknown', referer: https://disturbedgraffix.com/wp-cron.php?doing_wp_cron=1736916622.8686530590057373046875
[Wed Jan 15 04:58:46.174935 2025] [autoindex:error] [pid 3898775:tid 3898775] [client 173.239.218.200:0] AH01276: Cannot serve directory /home/mrblaw/public_html/wp-admin/js/: No matching DirectoryIndex (index.php,index.php8,index.php7,index.php5,index.perl,index.pl,index.plx,index.ppl,index.cgi,index.jsp,index.jp,index.phtml,index.shtml,index.xhtml,index.html,index.htm,index.js) found, and server-generated directory index forbidden by Options directive, referer: http://mrblaw.net/wp-admin/js/index.php
[Wed Jan 15 04:58:53.605358 2025] [autoindex:error] [pid 3897408:tid 3897408] [client 173.239.218.200:0] AH01276: Cannot serve directory /home/mrblaw/public_html/wp-admin/maint/: No matching DirectoryIndex (index.php,index.php8,index.php7,index.php5,index.perl,index.pl,index.plx,index.ppl,index.cgi,index.jsp,index.jp,index.phtml,index.shtml,index.xhtml,index.html,index.htm,index.js) found, and server-generated directory index forbidden by Options directive, referer: http://mrblaw.net/wp-admin/maint/index.php
[Wed Jan 15 04:58:56.998162 2025] [autoindex:error] [pid 3897408:tid 3897408] [client 173.239.218.200:0] AH01276: Cannot serve directory /home/mrblaw/public_html/.well-known/: No matching DirectoryIndex (index.php,index.php8,index.php7,index.php5,index.perl,index.pl,index.plx,index.ppl,index.cgi,index.jsp,index.jp,index.phtml,index.shtml,index.xhtml,index.html,index.htm,index.js) found, and server-generated directory index forbidden by Options directive
[Wed Jan 15 04:58:58.061410 2025] [autoindex:error] [pid 3897408:tid 3897408] [client 173.239.218.200:0] AH01276: Cannot serve directory /home/mrblaw/public_html/wp-content/uploads/: No matching DirectoryIndex (index.php,index.php8,index.php7,index.php5,index.perl,index.pl,index.plx,index.ppl,index.cgi,index.jsp,index.jp,index.phtml,index.shtml,index.xhtml,index.html,index.htm,index.js) found, and server-generated directory index forbidden by Options directive, referer: http://mrblaw.net/wp-content/uploads/index.php
[Wed Jan 15 04:59:06.124174 2025] [autoindex:error] [pid 3898775:tid 3898775] [client 173.239.218.200:0] AH01276: Cannot serve directory /home/mrblaw/public_html/wp-includes/css/: No matching DirectoryIndex (index.php,index.php8,index.php7,index.php5,index.perl,index.pl,index.plx,index.ppl,index.cgi,index.jsp,index.jp,index.phtml,index.shtml,index.xhtml,index.html,index.htm,index.js) found, and server-generated directory index forbidden by Options directive, referer: http://mrblaw.net/wp-includes/css/index.php
[Wed Jan 15 04:59:06.719305 2025] [proxy_fcgi:error] [pid 3897408:tid 3897408] [client 173.239.218.200:0] AH01071: Got error 'Primary script unknown'
[Wed Jan 15 04:59:07.967098 2025] [autoindex:error] [pid 3897408:tid 3897408] [client 173.239.218.200:0] AH01276: Cannot serve directory /home/mrblaw/public_html/wp-includes/ID3/: No matching DirectoryIndex (index.php,index.php8,index.php7,index.php5,index.perl,index.pl,index.plx,index.ppl,index.cgi,index.jsp,index.jp,index.phtml,index.shtml,index.xhtml,index.html,index.htm,index.js) found, and server-generated directory index forbidden by Options directive, referer: http://mrblaw.net/wp-includes/ID3/index.php
[Wed Jan 15 04:59:09.597300 2025] [autoindex:error] [pid 3897408:tid 3897408] [client 173.239.218.200:0] AH01276: Cannot serve directory /home/mrblaw/public_html/wp-admin/images/: No matching DirectoryIndex (index.php,index.php8,index.php7,index.php5,index.perl,index.pl,index.plx,index.ppl,index.cgi,index.jsp,index.jp,index.phtml,index.shtml,index.xhtml,index.html,index.htm,index.js) found, and server-generated directory index forbidden by Options directive, referer: http://mrblaw.net/wp-admin/images/index.php
[Wed Jan 15 04:59:17.652793 2025] [autoindex:error] [pid 3897408:tid 3897408] [client 173.239.218.200:0] AH01276: Cannot serve directory /home/mrblaw/public_html/wp-admin/css/: No matching DirectoryIndex (index.php,index.php8,index.php7,index.php5,index.perl,index.pl,index.plx,index.ppl,index.cgi,index.jsp,index.jp,index.phtml,index.shtml,index.xhtml,index.html,index.htm,index.js) found, and server-generated directory index forbidden by Options directive, referer: http://mrblaw.net/wp-admin/css/index.php
[Wed Jan 15 04:59:24.107491 2025] [autoindex:error] [pid 3897408:tid 3897408] [client 173.239.218.200:0] AH01276: Cannot serve directory /home/mrblaw/public_html/wp-includes/SimplePie/: No matching DirectoryIndex (index.php,index.php8,index.php7,index.php5,index.perl,index.pl,index.plx,index.ppl,index.cgi,index.jsp,index.jp,index.phtml,index.shtml,index.xhtml,index.html,index.htm,index.js) found, and server-generated directory index forbidden by Options directive, referer: http://mrblaw.net/wp-includes/SimplePie/index.php
[Wed Jan 15 04:59:27.682312 2025] [autoindex:error] [pid 3897406:tid 3897406] [client 173.239.218.200:0] AH01276: Cannot serve directory /home/mrblaw/public_html/wp-includes/assets/: No matching DirectoryIndex (index.php,index.php8,index.php7,index.php5,index.perl,index.pl,index.plx,index.ppl,index.cgi,index.jsp,index.jp,index.phtml,index.shtml,index.xhtml,index.html,index.htm,index.js) found, and server-generated directory index forbidden by Options directive, referer: http://mrblaw.net/wp-includes/assets/index.php
[Wed Jan 15 04:59:28.827396 2025] [autoindex:error] [pid 3906971:tid 3906971] [client 173.239.218.200:0] AH01276: Cannot serve directory /home/mrblaw/public_html/wp-includes/js/: No matching DirectoryIndex (index.php,index.php8,index.php7,index.php5,index.perl,index.pl,index.plx,index.ppl,index.cgi,index.jsp,index.jp,index.phtml,index.shtml,index.xhtml,index.html,index.htm,index.js) found, and server-generated directory index forbidden by Options directive, referer: http://mrblaw.net/wp-includes/js/index.php
[Wed Jan 15 04:59:30.672448 2025] [proxy_fcgi:error] [pid 3897408:tid 3897408] [client 173.239.218.200:0] AH01071: Got error 'Primary script unknown'
[Wed Jan 15 04:59:32.735731 2025] [autoindex:error] [pid 3897406:tid 3897406] [client 173.239.218.200:0] AH01276: Cannot serve directory /home/mrblaw/public_html/wp-includes/customize/: No matching DirectoryIndex (index.php,index.php8,index.php7,index.php5,index.perl,index.pl,index.plx,index.ppl,index.cgi,index.jsp,index.jp,index.phtml,index.shtml,index.xhtml,index.html,index.htm,index.js) found, and server-generated directory index forbidden by Options directive, referer: http://mrblaw.net/wp-includes/customize/index.php
[Wed Jan 15 04:59:35.747812 2025] [autoindex:error] [pid 3906971:tid 3906971] [client 173.239.218.200:0] AH01276: Cannot serve directory /home/mrblaw/public_html/wp-includes/fonts/: No matching DirectoryIndex (index.php,index.php8,index.php7,index.php5,index.perl,index.pl,index.plx,index.ppl,index.cgi,index.jsp,index.jp,index.phtml,index.shtml,index.xhtml,index.html,index.htm,index.js) found, and server-generated directory index forbidden by Options directive, referer: http://mrblaw.net/wp-includes/fonts/index.php
[Wed Jan 15 04:59:43.082254 2025] [autoindex:error] [pid 3898775:tid 3898775] [client 173.239.218.200:0] AH01276: Cannot serve directory /home/mrblaw/public_html/wp-admin/css/colors/blue/: No matching DirectoryIndex (index.php,index.php8,index.php7,index.php5,index.perl,index.pl,index.plx,index.ppl,index.cgi,index.jsp,index.jp,index.phtml,index.shtml,index.xhtml,index.html,index.htm,index.js) found, and server-generated directory index forbidden by Options directive
[Wed Jan 15 04:59:48.707036 2025] [autoindex:error] [pid 3906971:tid 3906971] [client 173.239.218.200:0] AH01276: Cannot serve directory /home/mrblaw/public_html/wp-includes/rest-api/: No matching DirectoryIndex (index.php,index.php8,index.php7,index.php5,index.perl,index.pl,index.plx,index.ppl,index.cgi,index.jsp,index.jp,index.phtml,index.shtml,index.xhtml,index.html,index.htm,index.js) found, and server-generated directory index forbidden by Options directive, referer: http://mrblaw.net/wp-includes/rest-api/index.php
[Wed Jan 15 04:59:49.223500 2025] [autoindex:error] [pid 3906971:tid 3906971] [client 173.239.218.199:0] AH01276: Cannot serve directory /home/mrblaw/public_html/wp-admin/js/: No matching DirectoryIndex (index.php,index.php8,index.php7,index.php5,index.perl,index.pl,index.plx,index.ppl,index.cgi,index.jsp,index.jp,index.phtml,index.shtml,index.xhtml,index.html,index.htm,index.js) found, and server-generated directory index forbidden by Options directive, referer: http://mail.mrblaw.net/wp-admin/js/index.php
[Wed Jan 15 04:59:56.510971 2025] [autoindex:error] [pid 3897409:tid 3897409] [client 173.239.218.199:0] AH01276: Cannot serve directory /home/mrblaw/public_html/wp-admin/maint/: No matching DirectoryIndex (index.php,index.php8,index.php7,index.php5,index.perl,index.pl,index.plx,index.ppl,index.cgi,index.jsp,index.jp,index.phtml,index.shtml,index.xhtml,index.html,index.htm,index.js) found, and server-generated directory index forbidden by Options directive, referer: http://mail.mrblaw.net/wp-admin/maint/index.php
[Wed Jan 15 04:59:57.487922 2025] [autoindex:error] [pid 3906971:tid 3906971] [client 173.239.218.200:0] AH01276: Cannot serve directory /home/mrblaw/public_html/.well-known/acme-challenge/: No matching DirectoryIndex (index.php,index.php8,index.php7,index.php5,index.perl,index.pl,index.plx,index.ppl,index.cgi,index.jsp,index.jp,index.phtml,index.shtml,index.xhtml,index.html,index.htm,index.js) found, and server-generated directory index forbidden by Options directive, referer: http://mrblaw.net/.well-known/acme-challenge/index.php
[Wed Jan 15 04:59:58.522547 2025] [autoindex:error] [pid 3906971:tid 3906971] [client 173.239.218.200:0] AH01276: Cannot serve directory /home/mrblaw/public_html/wp-admin/css/colors/: No matching DirectoryIndex (index.php,index.php8,index.php7,index.php5,index.perl,index.pl,index.plx,index.ppl,index.cgi,index.jsp,index.jp,index.phtml,index.shtml,index.xhtml,index.html,index.htm,index.js) found, and server-generated directory index forbidden by Options directive, referer: http://mrblaw.net/wp-admin/css/colors/index.php
[Wed Jan 15 04:59:59.986472 2025] [autoindex:error] [pid 3898775:tid 3898775] [client 173.239.218.199:0] AH01276: Cannot serve directory /home/mrblaw/public_html/.well-known/: No matching DirectoryIndex (index.php,index.php8,index.php7,index.php5,index.perl,index.pl,index.plx,index.ppl,index.cgi,index.jsp,index.jp,index.phtml,index.shtml,index.xhtml,index.html,index.htm,index.js) found, and server-generated directory index forbidden by Options directive
[Wed Jan 15 05:00:01.222139 2025] [autoindex:error] [pid 3898775:tid 3898775] [client 173.239.218.199:0] AH01276: Cannot serve directory /home/mrblaw/public_html/wp-content/uploads/: No matching DirectoryIndex (index.php,index.php8,index.php7,index.php5,index.perl,index.pl,index.plx,index.ppl,index.cgi,index.jsp,index.jp,index.phtml,index.shtml,index.xhtml,index.html,index.htm,index.js) found, and server-generated directory index forbidden by Options directive, referer: http://mail.mrblaw.net/wp-content/uploads/index.php
[Wed Jan 15 05:00:10.003111 2025] [autoindex:error] [pid 3898775:tid 3898775] [client 173.239.218.199:0] AH01276: Cannot serve directory /home/mrblaw/public_html/wp-includes/css/: No matching DirectoryIndex (index.php,index.php8,index.php7,index.php5,index.perl,index.pl,index.plx,index.ppl,index.cgi,index.jsp,index.jp,index.phtml,index.shtml,index.xhtml,index.html,index.htm,index.js) found, and server-generated directory index forbidden by Options directive, referer: http://mail.mrblaw.net/wp-includes/css/index.php
[Wed Jan 15 05:00:10.561113 2025] [proxy_fcgi:error] [pid 3906971:tid 3906971] [client 173.239.218.199:0] AH01071: Got error 'Primary script unknown'
[Wed Jan 15 05:00:11.859221 2025] [autoindex:error] [pid 3906971:tid 3906971] [client 173.239.218.199:0] AH01276: Cannot serve directory /home/mrblaw/public_html/wp-includes/ID3/: No matching DirectoryIndex (index.php,index.php8,index.php7,index.php5,index.perl,index.pl,index.plx,index.ppl,index.cgi,index.jsp,index.jp,index.phtml,index.shtml,index.xhtml,index.html,index.htm,index.js) found, and server-generated directory index forbidden by Options directive, referer: http://mail.mrblaw.net/wp-includes/ID3/index.php
[Wed Jan 15 05:00:13.586032 2025] [autoindex:error] [pid 3898775:tid 3898775] [client 173.239.218.199:0] AH01276: Cannot serve directory /home/mrblaw/public_html/wp-admin/images/: No matching DirectoryIndex (index.php,index.php8,index.php7,index.php5,index.perl,index.pl,index.plx,index.ppl,index.cgi,index.jsp,index.jp,index.phtml,index.shtml,index.xhtml,index.html,index.htm,index.js) found, and server-generated directory index forbidden by Options directive, referer: http://mail.mrblaw.net/wp-admin/images/index.php
[Wed Jan 15 05:00:22.102050 2025] [autoindex:error] [pid 3897410:tid 3897410] [client 173.239.218.199:0] AH01276: Cannot serve directory /home/mrblaw/public_html/wp-admin/css/: No matching DirectoryIndex (index.php,index.php8,index.php7,index.php5,index.perl,index.pl,index.plx,index.ppl,index.cgi,index.jsp,index.jp,index.phtml,index.shtml,index.xhtml,index.html,index.htm,index.js) found, and server-generated directory index forbidden by Options directive, referer: http://mail.mrblaw.net/wp-admin/css/index.php
[Wed Jan 15 05:00:28.576680 2025] [autoindex:error] [pid 3897409:tid 3897409] [client 173.239.218.199:0] AH01276: Cannot serve directory /home/mrblaw/public_html/wp-includes/SimplePie/: No matching DirectoryIndex (index.php,index.php8,index.php7,index.php5,index.perl,index.pl,index.plx,index.ppl,index.cgi,index.jsp,index.jp,index.phtml,index.shtml,index.xhtml,index.html,index.htm,index.js) found, and server-generated directory index forbidden by Options directive, referer: http://mail.mrblaw.net/wp-includes/SimplePie/index.php
[Wed Jan 15 05:00:30.367668 2025] [autoindex:error] [pid 3897409:tid 3897409] [client 173.239.218.200:0] AH01276: Cannot serve directory /home/mrblaw/public_html/wp-admin/css/colors/coffee/: No matching DirectoryIndex (index.php,index.php8,index.php7,index.php5,index.perl,index.pl,index.plx,index.ppl,index.cgi,index.jsp,index.jp,index.phtml,index.shtml,index.xhtml,index.html,index.htm,index.js) found, and server-generated directory index forbidden by Options directive, referer: http://mrblaw.net/wp-admin/css/colors/coffee/index.php
[Wed Jan 15 05:00:32.049154 2025] [autoindex:error] [pid 3897410:tid 3897410] [client 173.239.218.199:0] AH01276: Cannot serve directory /home/mrblaw/public_html/wp-includes/assets/: No matching DirectoryIndex (index.php,index.php8,index.php7,index.php5,index.perl,index.pl,index.plx,index.ppl,index.cgi,index.jsp,index.jp,index.phtml,index.shtml,index.xhtml,index.html,index.htm,index.js) found, and server-generated directory index forbidden by Options directive, referer: http://mail.mrblaw.net/wp-includes/assets/index.php
[Wed Jan 15 05:00:33.216362 2025] [autoindex:error] [pid 3901744:tid 3901744] [client 173.239.218.199:0] AH01276: Cannot serve directory /home/mrblaw/public_html/wp-includes/js/: No matching DirectoryIndex (index.php,index.php8,index.php7,index.php5,index.perl,index.pl,index.plx,index.ppl,index.cgi,index.jsp,index.jp,index.phtml,index.shtml,index.xhtml,index.html,index.htm,index.js) found, and server-generated directory index forbidden by Options directive, referer: http://mail.mrblaw.net/wp-includes/js/index.php
[Wed Jan 15 05:00:35.081897 2025] [proxy_fcgi:error] [pid 3897409:tid 3897409] [client 173.239.218.199:0] AH01071: Got error 'Primary script unknown'
[Wed Jan 15 05:00:36.989984 2025] [autoindex:error] [pid 3901744:tid 3901744] [client 173.239.218.199:0] AH01276: Cannot serve directory /home/mrblaw/public_html/wp-includes/customize/: No matching DirectoryIndex (index.php,index.php8,index.php7,index.php5,index.perl,index.pl,index.plx,index.ppl,index.cgi,index.jsp,index.jp,index.phtml,index.shtml,index.xhtml,index.html,index.htm,index.js) found, and server-generated directory index forbidden by Options directive, referer: http://mail.mrblaw.net/wp-includes/customize/index.php
[Wed Jan 15 05:00:40.357673 2025] [autoindex:error] [pid 3910379:tid 3910379] [client 173.239.218.199:0] AH01276: Cannot serve directory /home/mrblaw/public_html/wp-includes/fonts/: No matching DirectoryIndex (index.php,index.php8,index.php7,index.php5,index.perl,index.pl,index.plx,index.ppl,index.cgi,index.jsp,index.jp,index.phtml,index.shtml,index.xhtml,index.html,index.htm,index.js) found, and server-generated directory index forbidden by Options directive, referer: http://mail.mrblaw.net/wp-includes/fonts/index.php
[Wed Jan 15 05:00:47.932049 2025] [autoindex:error] [pid 3906971:tid 3906971] [client 173.239.218.199:0] AH01276: Cannot serve directory /home/mrblaw/public_html/wp-admin/css/colors/blue/: No matching DirectoryIndex (index.php,index.php8,index.php7,index.php5,index.perl,index.pl,index.plx,index.ppl,index.cgi,index.jsp,index.jp,index.phtml,index.shtml,index.xhtml,index.html,index.htm,index.js) found, and server-generated directory index forbidden by Options directive
[Wed Jan 15 05:00:53.581279 2025] [autoindex:error] [pid 3906971:tid 3906971] [client 173.239.218.199:0] AH01276: Cannot serve directory /home/mrblaw/public_html/wp-includes/rest-api/: No matching DirectoryIndex (index.php,index.php8,index.php7,index.php5,index.perl,index.pl,index.plx,index.ppl,index.cgi,index.jsp,index.jp,index.phtml,index.shtml,index.xhtml,index.html,index.htm,index.js) found, and server-generated directory index forbidden by Options directive, referer: http://mail.mrblaw.net/wp-includes/rest-api/index.php
[Wed Jan 15 05:00:56.439875 2025] [proxy_fcgi:error] [pid 3910379:tid 3910379] [client 173.239.218.200:0] AH01071: Got error 'Primary script unknown'
[Wed Jan 15 05:01:02.597645 2025] [autoindex:error] [pid 3897408:tid 3897408] [client 173.239.218.199:0] AH01276: Cannot serve directory /home/mrblaw/public_html/.well-known/acme-challenge/: No matching DirectoryIndex (index.php,index.php8,index.php7,index.php5,index.perl,index.pl,index.plx,index.ppl,index.cgi,index.jsp,index.jp,index.phtml,index.shtml,index.xhtml,index.html,index.htm,index.js) found, and server-generated directory index forbidden by Options directive, referer: http://mail.mrblaw.net/.well-known/acme-challenge/index.php
[Wed Jan 15 05:01:03.805734 2025] [autoindex:error] [pid 3906971:tid 3906971] [client 173.239.218.199:0] AH01276: Cannot serve directory /home/mrblaw/public_html/wp-admin/css/colors/: No matching DirectoryIndex (index.php,index.php8,index.php7,index.php5,index.perl,index.pl,index.plx,index.ppl,index.cgi,index.jsp,index.jp,index.phtml,index.shtml,index.xhtml,index.html,index.htm,index.js) found, and server-generated directory index forbidden by Options directive, referer: http://mail.mrblaw.net/wp-admin/css/colors/index.php
[Wed Jan 15 05:01:37.243198 2025] [autoindex:error] [pid 3897408:tid 3897408] [client 173.239.218.199:0] AH01276: Cannot serve directory /home/mrblaw/public_html/wp-admin/css/colors/coffee/: No matching DirectoryIndex (index.php,index.php8,index.php7,index.php5,index.perl,index.pl,index.plx,index.ppl,index.cgi,index.jsp,index.jp,index.phtml,index.shtml,index.xhtml,index.html,index.htm,index.js) found, and server-generated directory index forbidden by Options directive, referer: http://mail.mrblaw.net/wp-admin/css/colors/coffee/index.php
[Wed Jan 15 05:02:02.587634 2025] [proxy_fcgi:error] [pid 3897406:tid 3897406] [client 173.239.218.199:0] AH01071: Got error 'Primary script unknown'
[Wed Jan 15 05:04:29.121769 2025] [autoindex:error] [pid 3897407:tid 3897407] [client 192.88.134.14:0] AH01276: Cannot serve directory /home/icsla/public_html/wp-admin/js/: No matching DirectoryIndex (index.php,index.php8,index.php7,index.php5,index.perl,index.pl,index.plx,index.ppl,index.cgi,index.jsp,index.jp,index.phtml,index.shtml,index.xhtml,index.html,index.htm,index.js) found, and server-generated directory index forbidden by Options directive, referer: http://icsla.us/wp-admin/js/index.php
[Wed Jan 15 05:04:42.864545 2025] [autoindex:error] [pid 3897407:tid 3897407] [client 192.88.134.14:0] AH01276: Cannot serve directory /home/icsla/public_html/wp-admin/maint/: No matching DirectoryIndex (index.php,index.php8,index.php7,index.php5,index.perl,index.pl,index.plx,index.ppl,index.cgi,index.jsp,index.jp,index.phtml,index.shtml,index.xhtml,index.html,index.htm,index.js) found, and server-generated directory index forbidden by Options directive, referer: http://icsla.us/wp-admin/maint/index.php
[Wed Jan 15 05:04:52.164549 2025] [autoindex:error] [pid 3897407:tid 3897407] [client 192.88.134.14:0] AH01276: Cannot serve directory /home/icsla/public_html/.well-known/: No matching DirectoryIndex (index.php,index.php8,index.php7,index.php5,index.perl,index.pl,index.plx,index.ppl,index.cgi,index.jsp,index.jp,index.phtml,index.shtml,index.xhtml,index.html,index.htm,index.js) found, and server-generated directory index forbidden by Options directive
[Wed Jan 15 05:04:53.117434 2025] [autoindex:error] [pid 3897407:tid 3897407] [client 192.88.134.14:0] AH01276: Cannot serve directory /home/icsla/public_html/.well-known/: No matching DirectoryIndex (index.php,index.php8,index.php7,index.php5,index.perl,index.pl,index.plx,index.ppl,index.cgi,index.jsp,index.jp,index.phtml,index.shtml,index.xhtml,index.html,index.htm,index.js) found, and server-generated directory index forbidden by Options directive, referer: http://icsla.us/.well-known/
[Wed Jan 15 05:06:20.312960 2025] [autoindex:error] [pid 3897407:tid 3897407] [client 192.88.134.14:0] AH01276: Cannot serve directory /home/icsla/public_html/wp-admin/css/colors/blue/: No matching DirectoryIndex (index.php,index.php8,index.php7,index.php5,index.perl,index.pl,index.plx,index.ppl,index.cgi,index.jsp,index.jp,index.phtml,index.shtml,index.xhtml,index.html,index.htm,index.js) found, and server-generated directory index forbidden by Options directive
[Wed Jan 15 05:06:21.107323 2025] [autoindex:error] [pid 3897407:tid 3897407] [client 192.88.134.14:0] AH01276: Cannot serve directory /home/icsla/public_html/wp-admin/css/colors/blue/: No matching DirectoryIndex (index.php,index.php8,index.php7,index.php5,index.perl,index.pl,index.plx,index.ppl,index.cgi,index.jsp,index.jp,index.phtml,index.shtml,index.xhtml,index.html,index.htm,index.js) found, and server-generated directory index forbidden by Options directive, referer: http://icsla.us/wp-admin/css/colors/blue/
