[Thu Feb 13 16:48:56.640818 2025] [autoindex:error] [pid 2671799:tid 2671799] [client 20.204.103.19:0] AH01276: Cannot serve directory /home/mrblaw/public_html/.well-known/: No matching DirectoryIndex (index.php,index.php8,index.php7,index.php5,index.perl,index.pl,index.plx,index.ppl,index.cgi,index.jsp,index.jp,index.phtml,index.shtml,index.xhtml,index.html,index.htm,index.js) found, and server-generated directory index forbidden by Options directive, referer: binance.com
[Thu Feb 13 19:31:10.544813 2025] [proxy_fcgi:error] [pid 2711152:tid 2711152] [client 94.103.88.177:0] AH01071: Got error 'Primary script unknown', referer: http://masonfelt.com/index.php/2019/04/25/coming-soon/#comment-4308
[Thu Feb 13 20:11:10.027912 2025] [proxy_fcgi:error] [pid 2671799:tid 2671799] [client 93.183.93.32:0] AH01071: Got error 'Primary script unknown', referer: http://masonfelt.com/index.php/2019/04/25/coming-soon/#comment-4308
[Thu Feb 13 20:25:03.000059 2025] [proxy_fcgi:error] [pid 2724909:tid 2724909] [client 172.232.225.165:0] AH01071: Got error 'Primary script unknown', referer: http://masonfelt.com/index.php/2019/04/25/coming-soon/
[Thu Feb 13 20:29:15.627924 2025] [cgi:error] [pid 2707349:tid 2707349] [client 184.94.240.88:0] AH02812: stderr from /home/disturbedgraffix/public_html/cgi-bin/: attempt to invoke directory as script
[Thu Feb 13 21:29:12.989217 2025] [authz_core:error] [pid 2711155:tid 2711155] [client 185.93.229.30:0] AH01630: client denied by server configuration: /home/lasuperlawyers/public_html/wp-includes/IXR/error_log, referer: binance.com
[Thu Feb 13 21:29:16.616386 2025] [authz_core:error] [pid 2711155:tid 2711155] [client 185.93.229.30:0] AH01630: client denied by server configuration: /home/lasuperlawyers/public_html/wp-includes/sitemaps/providers/error_log, referer: binance.com
[Thu Feb 13 21:29:17.036401 2025] [authz_core:error] [pid 2711155:tid 2711155] [client 185.93.229.30:0] AH01630: client denied by server configuration: /home/lasuperlawyers/public_html/wp-includes/widgets/error_log, referer: binance.com
[Thu Feb 13 23:28:47.259841 2025] [autoindex:error] [pid 2676854:tid 2676854] [client 192.88.134.14:0] AH01276: Cannot serve directory /home/icsla/public_html/wp-admin/css/: No matching DirectoryIndex (index.php,index.php8,index.php7,index.php5,index.perl,index.pl,index.plx,index.ppl,index.cgi,index.jsp,index.jp,index.phtml,index.shtml,index.xhtml,index.html,index.htm,index.js) found, and server-generated directory index forbidden by Options directive, referer: binance.com
[Thu Feb 13 23:28:51.651784 2025] [autoindex:error] [pid 2676854:tid 2676854] [client 192.88.134.14:0] AH01276: Cannot serve directory /home/icsla/public_html/wp-admin/css/: No matching DirectoryIndex (index.php,index.php8,index.php7,index.php5,index.perl,index.pl,index.plx,index.ppl,index.cgi,index.jsp,index.jp,index.phtml,index.shtml,index.xhtml,index.html,index.htm,index.js) found, and server-generated directory index forbidden by Options directive, referer: binance.com
[Thu Feb 13 23:28:57.384297 2025] [autoindex:error] [pid 2676854:tid 2676854] [client 192.88.134.14:0] AH01276: Cannot serve directory /home/icsla/public_html/.well-known/: No matching DirectoryIndex (index.php,index.php8,index.php7,index.php5,index.perl,index.pl,index.plx,index.ppl,index.cgi,index.jsp,index.jp,index.phtml,index.shtml,index.xhtml,index.html,index.htm,index.js) found, and server-generated directory index forbidden by Options directive, referer: binance.com
[Thu Feb 13 23:29:02.984661 2025] [autoindex:error] [pid 2676854:tid 2676854] [client 192.88.134.14:0] AH01276: Cannot serve directory /home/icsla/public_html/.well-known/: No matching DirectoryIndex (index.php,index.php8,index.php7,index.php5,index.perl,index.pl,index.plx,index.ppl,index.cgi,index.jsp,index.jp,index.phtml,index.shtml,index.xhtml,index.html,index.htm,index.js) found, and server-generated directory index forbidden by Options directive, referer: binance.com
[Fri Feb 14 00:34:57.641729 2025] [proxy_fcgi:error] [pid 2744883:tid 2744883] [client 178.20.46.206:0] AH01071: Got error 'Primary script unknown', referer: http://masonfelt.com/index.php/2019/04/25/coming-soon/#comment-4308
[Fri Feb 14 00:44:44.816247 2025] [proxy_fcgi:error] [pid 2671799:tid 2671799] [client 37.139.53.202:0] AH01071: Got error 'Primary script unknown', referer: http://masonfelt.com/index.php/2019/04/25/coming-soon/
[Fri Feb 14 01:08:07.912263 2025] [proxy_fcgi:error] [pid 2711156:tid 2711156] [client 195.2.75.64:0] AH01071: Got error 'Primary script unknown', referer: http://masonfelt.com/index.php/2019/04/25/coming-soon/#comment-4308
[Fri Feb 14 01:30:01.968419 2025] [mpm_prefork:notice] [pid 1196203:tid 1196203] AH00171: Graceful restart requested, doing restart
[Fri Feb 14 01:30:02.083182 2025] [:notice] [pid 1196203:tid 1196203] mod_ruid2/0.9.8 enabled
[Fri Feb 14 01:30:02.083860 2025] [mpm_prefork:notice] [pid 1196203:tid 1196203] AH00163: Apache/2.4.63 (cPanel) OpenSSL/3.2.2 mod_bwlimited/1.4 configured -- resuming normal operations
[Fri Feb 14 01:30:02.083885 2025] [core:notice] [pid 1196203:tid 1196203] AH00094: Command line: '/usr/sbin/httpd'
[Fri Feb 14 01:30:04.818395 2025] [mpm_prefork:notice] [pid 1196203:tid 1196203] AH00171: Graceful restart requested, doing restart
[Fri Feb 14 01:30:04.908936 2025] [:notice] [pid 1196203:tid 1196203] mod_ruid2/0.9.8 enabled
[Fri Feb 14 01:30:04.909271 2025] [mpm_prefork:notice] [pid 1196203:tid 1196203] AH00163: Apache/2.4.63 (cPanel) OpenSSL/3.2.2 mod_bwlimited/1.4 configured -- resuming normal operations
[Fri Feb 14 01:30:04.909289 2025] [core:notice] [pid 1196203:tid 1196203] AH00094: Command line: '/usr/sbin/httpd'
[Fri Feb 14 01:30:07.247872 2025] [mpm_prefork:notice] [pid 1196203:tid 1196203] AH00171: Graceful restart requested, doing restart
[Fri Feb 14 01:30:07.328976 2025] [:notice] [pid 1196203:tid 1196203] mod_ruid2/0.9.8 enabled
[Fri Feb 14 01:30:07.329287 2025] [mpm_prefork:notice] [pid 1196203:tid 1196203] AH00163: Apache/2.4.63 (cPanel) OpenSSL/3.2.2 mod_bwlimited/1.4 configured -- resuming normal operations
[Fri Feb 14 01:30:07.329303 2025] [core:notice] [pid 1196203:tid 1196203] AH00094: Command line: '/usr/sbin/httpd'
[Fri Feb 14 01:30:07.936680 2025] [mpm_prefork:notice] [pid 1196203:tid 1196203] AH00171: Graceful restart requested, doing restart
[Fri Feb 14 01:30:08.021412 2025] [:notice] [pid 1196203:tid 1196203] mod_ruid2/0.9.8 enabled
[Fri Feb 14 01:30:08.021787 2025] [mpm_prefork:notice] [pid 1196203:tid 1196203] AH00163: Apache/2.4.63 (cPanel) OpenSSL/3.2.2 mod_bwlimited/1.4 configured -- resuming normal operations
[Fri Feb 14 01:30:08.021805 2025] [core:notice] [pid 1196203:tid 1196203] AH00094: Command line: '/usr/sbin/httpd'
[Fri Feb 14 01:45:19.905108 2025] [proxy_fcgi:error] [pid 2769962:tid 2769962] [client 111.68.97.201:0] AH01071: Got error 'Primary script unknown'
[Fri Feb 14 01:46:29.626713 2025] [proxy_fcgi:error] [pid 2769963:tid 2769963] [client 2.155.46.96:0] AH01071: Got error 'Primary script unknown'
[Fri Feb 14 02:04:22.690354 2025] [autoindex:error] [pid 2770565:tid 2770565] [client 185.93.229.14:0] AH01276: Cannot serve directory /home/icsla/public_html/wp-admin/css/: No matching DirectoryIndex (index.php,index.php8,index.php7,index.php5,index.perl,index.pl,index.plx,index.ppl,index.cgi,index.jsp,index.jp,index.phtml,index.shtml,index.xhtml,index.html,index.htm,index.js) found, and server-generated directory index forbidden by Options directive, referer: binance.com
[Fri Feb 14 02:04:25.608332 2025] [autoindex:error] [pid 2770565:tid 2770565] [client 185.93.229.14:0] AH01276: Cannot serve directory /home/icsla/public_html/wp-admin/css/: No matching DirectoryIndex (index.php,index.php8,index.php7,index.php5,index.perl,index.pl,index.plx,index.ppl,index.cgi,index.jsp,index.jp,index.phtml,index.shtml,index.xhtml,index.html,index.htm,index.js) found, and server-generated directory index forbidden by Options directive, referer: binance.com
[Fri Feb 14 02:04:28.192719 2025] [autoindex:error] [pid 2770565:tid 2770565] [client 185.93.229.14:0] AH01276: Cannot serve directory /home/icsla/public_html/.well-known/: No matching DirectoryIndex (index.php,index.php8,index.php7,index.php5,index.perl,index.pl,index.plx,index.ppl,index.cgi,index.jsp,index.jp,index.phtml,index.shtml,index.xhtml,index.html,index.htm,index.js) found, and server-generated directory index forbidden by Options directive, referer: binance.com
[Fri Feb 14 02:04:30.346333 2025] [autoindex:error] [pid 2770565:tid 2770565] [client 185.93.229.14:0] AH01276: Cannot serve directory /home/icsla/public_html/.well-known/: No matching DirectoryIndex (index.php,index.php8,index.php7,index.php5,index.perl,index.pl,index.plx,index.ppl,index.cgi,index.jsp,index.jp,index.phtml,index.shtml,index.xhtml,index.html,index.htm,index.js) found, and server-generated directory index forbidden by Options directive, referer: binance.com
[Fri Feb 14 02:51:33.881353 2025] [proxy_fcgi:error] [pid 2770565:tid 2770565] [client 84.54.47.190:0] AH01071: Got error 'Primary script unknown', referer: http://masonfelt.com/index.php/2019/04/25/coming-soon/#comment-4308
[Fri Feb 14 04:06:06.145929 2025] [proxy_fcgi:error] [pid 2775185:tid 2775185] [client 69.16.157.192:0] AH01071: Got error 'Primary script unknown', referer: http://masonfelt.com/index.php/2019/04/25/coming-soon/
[Fri Feb 14 04:48:38.271137 2025] [core:crit] [pid 2775185:tid 2775185] (13)Permission denied: [client 147.185.132.34:58596] AH00529: /home/dladmin/public_html/.htaccess pcfg_openfile: unable to check htaccess file, ensure it is readable and that '/home/dladmin/public_html/' is executable
[Fri Feb 14 05:13:49.690652 2025] [proxy_fcgi:error] [pid 2769962:tid 2769962] [client 198.46.210.44:0] AH01071: Got error 'Primary script unknown', referer: http://masonfelt.com/index.php/2019/04/25/coming-soon/
[Fri Feb 14 05:34:06.892571 2025] [proxy_fcgi:error] [pid 2770565:tid 2770565] [client 147.79.114.94:0] AH01071: Got error 'Primary script unknown'
[Fri Feb 14 05:34:07.330061 2025] [proxy_fcgi:error] [pid 2770565:tid 2770565] [client 147.79.114.94:0] AH01071: Got error 'Primary script unknown'
[Fri Feb 14 06:08:18.164174 2025] [proxy_fcgi:error] [pid 2773541:tid 2773541] [client 212.49.102.254:0] AH01071: Got error 'Primary script unknown'
[Fri Feb 14 06:09:12.853952 2025] [core:crit] [pid 2772150:tid 2772150] (13)Permission denied: [client 13.91.182.132:48922] AH00529: /home/dladmin/public_html/.htaccess pcfg_openfile: unable to check htaccess file, ensure it is readable and that '/home/dladmin/public_html/' is executable
[Fri Feb 14 07:33:02.011072 2025] [authz_core:error] [pid 2770565:tid 2770565] [client 192.88.134.30:0] AH01630: client denied by server configuration: /home/lasuperlawyers/public_html/wp-includes/IXR/error_log, referer: binance.com
[Fri Feb 14 07:35:28.284448 2025] [authz_core:error] [pid 2780655:tid 2780655] [client 192.88.134.30:0] AH01630: client denied by server configuration: /home/lasuperlawyers/public_html/wp-includes/sitemaps/providers/error_log, referer: binance.com
[Fri Feb 14 07:35:42.579956 2025] [authz_core:error] [pid 2769963:tid 2769963] [client 192.88.134.30:0] AH01630: client denied by server configuration: /home/lasuperlawyers/public_html/wp-includes/widgets/error_log, referer: binance.com
[Fri Feb 14 08:21:00.482240 2025] [proxy_fcgi:error] [pid 2769962:tid 2769962] [client 195.2.84.178:0] AH01071: Got error 'Primary script unknown', referer: http://masonfelt.com/index.php/2019/04/25/coming-soon/#comment-4308
[Fri Feb 14 08:35:51.909506 2025] [proxy_fcgi:error] [pid 2780656:tid 2780656] [client 54.215.207.216:0] AH01071: Got error 'Primary script unknown', referer: https://masonfelt.com/wp-cron.php?doing_wp_cron=1739522151.7742390632629394531250
[Fri Feb 14 08:39:37.148872 2025] [proxy_fcgi:error] [pid 2770565:tid 2770565] [client 54.215.207.216:0] AH01071: Got error 'Primary script unknown', referer: https://disturbedgraffix.com/wp-cron.php?doing_wp_cron=1739522377.0340349674224853515625
[Fri Feb 14 09:15:06.647929 2025] [proxy_fcgi:error] [pid 2799592:tid 2799592] [client 94.103.91.198:0] AH01071: Got error 'Primary script unknown', referer: http://masonfelt.com/index.php/2019/04/25/coming-soon/#comment-4308
[Fri Feb 14 11:00:06.631699 2025] [cgi:error] [pid 2780655:tid 2780655] [client 114.119.156.227:0] AH02812: stderr from /home/disturbedgraffix/public_html/cgi-bin/: attempt to invoke directory as script, referer: http://disturbedgraffix.com/?C=M%3BO%3DA
[Fri Feb 14 11:22:11.266856 2025] [proxy_fcgi:error] [pid 2772150:tid 2772150] [client 84.54.44.30:0] AH01071: Got error 'Primary script unknown', referer: http://masonfelt.com/index.php/2019/04/25/coming-soon/#comment-4308
[Fri Feb 14 11:58:10.632165 2025] [proxy_fcgi:error] [pid 2769965:tid 2769965] [client 66.249.66.78:0] AH01071: Got error 'Primary script unknown'
[Fri Feb 14 13:54:59.238976 2025] [proxy_fcgi:error] [pid 2819674:tid 2819674] [client 161.35.46.250:0] AH01071: Got error 'Primary script unknown', referer: https://icsla.duran-lynch.com/
[Fri Feb 14 14:21:28.294985 2025] [proxy_fcgi:error] [pid 2769965:tid 2769965] [client 178.20.45.128:0] AH01071: Got error 'Primary script unknown', referer: http://masonfelt.com/index.php/2019/04/25/coming-soon/
[Fri Feb 14 14:53:13.735249 2025] [autoindex:error] [pid 2819680:tid 2819680] [client 98.70.120.201:0] AH01276: Cannot serve directory /home/mrblaw/public_html/wp-admin/css/: No matching DirectoryIndex (index.php,index.php8,index.php7,index.php5,index.perl,index.pl,index.plx,index.ppl,index.cgi,index.jsp,index.jp,index.phtml,index.shtml,index.xhtml,index.html,index.htm,index.js) found, and server-generated directory index forbidden by Options directive, referer: binance.com
[Fri Feb 14 14:53:17.499434 2025] [autoindex:error] [pid 2819680:tid 2819680] [client 98.70.120.201:0] AH01276: Cannot serve directory /home/mrblaw/public_html/.well-known/: No matching DirectoryIndex (index.php,index.php8,index.php7,index.php5,index.perl,index.pl,index.plx,index.ppl,index.cgi,index.jsp,index.jp,index.phtml,index.shtml,index.xhtml,index.html,index.htm,index.js) found, and server-generated directory index forbidden by Options directive, referer: binance.com
[Fri Feb 14 15:09:36.799938 2025] [proxy_fcgi:error] [pid 2769962:tid 2769962] [client 62.113.113.106:0] AH01071: Got error 'Primary script unknown', referer: http://masonfelt.com/index.php/2019/04/25/coming-soon/#comment-4308
[Fri Feb 14 15:58:48.415040 2025] [autoindex:error] [pid 2769962:tid 2769962] [client 159.65.151.87:0] AH01276: Cannot serve directory /home/mrblaw/public_html/wp-admin/css/: No matching DirectoryIndex (index.php,index.php8,index.php7,index.php5,index.perl,index.pl,index.plx,index.ppl,index.cgi,index.jsp,index.jp,index.phtml,index.shtml,index.xhtml,index.html,index.htm,index.js) found, and server-generated directory index forbidden by Options directive, referer: binance.com
[Fri Feb 14 15:58:53.661058 2025] [autoindex:error] [pid 2769962:tid 2769962] [client 159.65.151.87:0] AH01276: Cannot serve directory /home/mrblaw/public_html/.well-known/: No matching DirectoryIndex (index.php,index.php8,index.php7,index.php5,index.perl,index.pl,index.plx,index.ppl,index.cgi,index.jsp,index.jp,index.phtml,index.shtml,index.xhtml,index.html,index.htm,index.js) found, and server-generated directory index forbidden by Options directive, referer: binance.com
[Fri Feb 14 16:16:36.827537 2025] [autoindex:error] [pid 2769964:tid 2769964] [client 185.93.229.14:0] AH01276: Cannot serve directory /home/icsla/public_html/wp-admin/css/: No matching DirectoryIndex (index.php,index.php8,index.php7,index.php5,index.perl,index.pl,index.plx,index.ppl,index.cgi,index.jsp,index.jp,index.phtml,index.shtml,index.xhtml,index.html,index.htm,index.js) found, and server-generated directory index forbidden by Options directive, referer: binance.com
[Fri Feb 14 16:16:39.776933 2025] [autoindex:error] [pid 2769964:tid 2769964] [client 185.93.229.14:0] AH01276: Cannot serve directory /home/icsla/public_html/wp-admin/css/: No matching DirectoryIndex (index.php,index.php8,index.php7,index.php5,index.perl,index.pl,index.plx,index.ppl,index.cgi,index.jsp,index.jp,index.phtml,index.shtml,index.xhtml,index.html,index.htm,index.js) found, and server-generated directory index forbidden by Options directive, referer: binance.com
[Fri Feb 14 16:16:44.303534 2025] [autoindex:error] [pid 2769964:tid 2769964] [client 185.93.229.14:0] AH01276: Cannot serve directory /home/icsla/public_html/.well-known/: No matching DirectoryIndex (index.php,index.php8,index.php7,index.php5,index.perl,index.pl,index.plx,index.ppl,index.cgi,index.jsp,index.jp,index.phtml,index.shtml,index.xhtml,index.html,index.htm,index.js) found, and server-generated directory index forbidden by Options directive, referer: binance.com
[Fri Feb 14 16:16:47.852779 2025] [autoindex:error] [pid 2769964:tid 2769964] [client 185.93.229.14:0] AH01276: Cannot serve directory /home/icsla/public_html/.well-known/: No matching DirectoryIndex (index.php,index.php8,index.php7,index.php5,index.perl,index.pl,index.plx,index.ppl,index.cgi,index.jsp,index.jp,index.phtml,index.shtml,index.xhtml,index.html,index.htm,index.js) found, and server-generated directory index forbidden by Options directive, referer: binance.com
[Fri Feb 14 16:16:54.279056 2025] [proxy_fcgi:error] [pid 2769964:tid 2769964] [client 178.20.46.206:0] AH01071: Got error 'Primary script unknown', referer: http://masonfelt.com/index.php/2019/04/25/coming-soon/#comment-4308
[Fri Feb 14 17:07:13.792960 2025] [autoindex:error] [pid 2769963:tid 2769963] [client 74.225.136.71:0] AH01276: Cannot serve directory /home/mrblaw/public_html/wp-admin/css/: No matching DirectoryIndex (index.php,index.php8,index.php7,index.php5,index.perl,index.pl,index.plx,index.ppl,index.cgi,index.jsp,index.jp,index.phtml,index.shtml,index.xhtml,index.html,index.htm,index.js) found, and server-generated directory index forbidden by Options directive, referer: binance.com
[Fri Feb 14 17:07:17.542443 2025] [autoindex:error] [pid 2769963:tid 2769963] [client 74.225.136.71:0] AH01276: Cannot serve directory /home/mrblaw/public_html/.well-known/: No matching DirectoryIndex (index.php,index.php8,index.php7,index.php5,index.perl,index.pl,index.plx,index.ppl,index.cgi,index.jsp,index.jp,index.phtml,index.shtml,index.xhtml,index.html,index.htm,index.js) found, and server-generated directory index forbidden by Options directive, referer: binance.com
[Fri Feb 14 17:57:58.001446 2025] [proxy_fcgi:error] [pid 2838146:tid 2838146] [client 84.54.47.190:0] AH01071: Got error 'Primary script unknown', referer: http://masonfelt.com/index.php/2019/04/25/coming-soon/#comment-4308
[Fri Feb 14 18:47:20.952967 2025] [cgi:error] [pid 2819680:tid 2819680] [client 104.207.46.146:0] AH02812: stderr from /home/disturbedgraffix/public_html/cgi-bin/: attempt to invoke directory as script, referer: http://disturbedgraffix.com
[Fri Feb 14 18:47:21.387883 2025] [cgi:error] [pid 2819680:tid 2819680] [client 104.207.43.41:0] AH02812: stderr from /home/disturbedgraffix/public_html/cgi-bin/: attempt to invoke directory as script, referer: http://disturbedgraffix.com
[Fri Feb 14 18:47:21.793495 2025] [cgi:error] [pid 2819680:tid 2819680] [client 104.207.33.14:0] AH02812: stderr from /home/disturbedgraffix/public_html/cgi-bin/: attempt to invoke directory as script, referer: http://disturbedgraffix.com
[Fri Feb 14 18:47:22.211948 2025] [cgi:error] [pid 2819680:tid 2819680] [client 104.207.49.55:0] AH02812: stderr from /home/disturbedgraffix/public_html/cgi-bin/: attempt to invoke directory as script, referer: http://disturbedgraffix.com
[Fri Feb 14 20:03:30.899485 2025] [proxy_fcgi:error] [pid 2848454:tid 2848454] [client 52.167.144.24:0] AH01071: Got error 'Primary script unknown'
[Fri Feb 14 20:45:28.090721 2025] [authz_core:error] [pid 2848449:tid 2848449] [client 185.93.229.30:0] AH01630: client denied by server configuration: /home/lasuperlawyers/public_html/wp-includes/IXR/error_log, referer: binance.com
[Fri Feb 14 20:45:41.875226 2025] [authz_core:error] [pid 2848454:tid 2848454] [client 185.93.229.30:0] AH01630: client denied by server configuration: /home/lasuperlawyers/public_html/wp-includes/widgets/error_log, referer: binance.com
[Fri Feb 14 21:00:53.901934 2025] [authz_core:error] [pid 2848449:tid 2848449] [client 192.88.134.30:0] AH01630: client denied by server configuration: /home/lasuperlawyers/public_html/wp-includes/sitemaps/providers/error_log, referer: binance.com
[Fri Feb 14 21:13:15.341403 2025] [proxy_fcgi:error] [pid 2848454:tid 2848454] [client 74.116.41.42:0] AH01071: Got error 'Primary script unknown'
[Fri Feb 14 21:13:15.381400 2025] [proxy_fcgi:error] [pid 2848454:tid 2848454] [client 74.116.41.42:0] AH01071: Got error 'Primary script unknown'
[Fri Feb 14 22:11:59.406742 2025] [proxy_fcgi:error] [pid 2848454:tid 2848454] [client 135.125.180.135:0] AH01071: Got error 'Primary script unknown'
[Fri Feb 14 22:11:59.866089 2025] [proxy_fcgi:error] [pid 2848454:tid 2848454] [client 135.125.180.135:0] AH01071: Got error 'Primary script unknown'
[Fri Feb 14 22:13:38.107298 2025] [proxy_fcgi:error] [pid 2850010:tid 2850010] [client 195.2.84.178:0] AH01071: Got error 'Primary script unknown', referer: http://masonfelt.com/index.php/2019/04/25/coming-soon/#comment-4308
[Fri Feb 14 22:24:42.941937 2025] [proxy_fcgi:error] [pid 2848456:tid 2848456] [client 195.2.76.183:0] AH01071: Got error 'Primary script unknown', referer: http://masonfelt.com/index.php/2019/04/25/coming-soon/#comment-4308
[Fri Feb 14 23:17:22.689923 2025] [proxy_fcgi:error] [pid 2848454:tid 2848454] [client 62.169.17.204:0] AH01071: Got error 'Primary script unknown'
[Fri Feb 14 23:17:33.360470 2025] [proxy_fcgi:error] [pid 2850769:tid 2850769] [client 62.169.17.204:0] AH01071: Got error 'Primary script unknown'
[Fri Feb 14 23:45:35.066230 2025] [proxy_fcgi:error] [pid 2850010:tid 2850010] [client 18.246.67.174:0] AH01071: Got error 'Primary script unknown'
[Fri Feb 14 23:45:35.180320 2025] [proxy_fcgi:error] [pid 2850010:tid 2850010] [client 18.246.67.174:0] AH01071: Got error 'Primary script unknown'
[Sat Feb 15 00:35:42.668088 2025] [proxy_fcgi:error] [pid 2868437:tid 2868437] [client 45.144.227.84:0] AH01071: Got error 'Primary script unknown'
[Sat Feb 15 00:35:42.668142 2025] [proxy_fcgi:error] [pid 2869777:tid 2869777] [client 45.144.227.84:0] AH01071: Got error 'Primary script unknown'
[Sat Feb 15 01:39:26.088485 2025] [proxy_fcgi:error] [pid 2868437:tid 2868437] [client 198.98.56.4:0] AH01071: Got error 'Primary script unknown'
[Sat Feb 15 01:40:31.581523 2025] [proxy_fcgi:error] [pid 2850769:tid 2850769] [client 198.98.56.4:0] AH01071: Got error 'Primary script unknown'
[Sat Feb 15 02:19:36.761096 2025] [proxy_fcgi:error] [pid 2848454:tid 2848454] [client 162.142.125.220:0] AH01071: Got error 'Primary script unknown'
[Sat Feb 15 02:32:28.241425 2025] [proxy_fcgi:error] [pid 2848454:tid 2848454] [client 167.94.145.96:0] AH01071: Got error 'Primary script unknown'
[Sat Feb 15 02:58:07.132069 2025] [core:crit] [pid 2869777:tid 2869777] (13)Permission denied: [client 198.235.24.207:60142] AH00529: /home/dladmin/public_html/.htaccess pcfg_openfile: unable to check htaccess file, ensure it is readable and that '/home/dladmin/public_html/' is executable
[Sat Feb 15 03:15:44.609226 2025] [proxy_fcgi:error] [pid 2850768:tid 2850768] [client 195.2.76.183:0] AH01071: Got error 'Primary script unknown', referer: http://masonfelt.com/index.php/2019/04/25/coming-soon/#comment-4308
[Sat Feb 15 03:29:12.038654 2025] [proxy_fcgi:error] [pid 2850769:tid 2850769] [client 195.2.76.117:0] AH01071: Got error 'Primary script unknown', referer: http://masonfelt.com/index.php/2019/04/25/coming-soon/#comment-4308
[Sat Feb 15 04:08:38.882047 2025] [proxy_fcgi:error] [pid 2848456:tid 2848456] [client 195.2.75.64:0] AH01071: Got error 'Primary script unknown', referer: http://masonfelt.com/index.php/2019/04/25/coming-soon/#comment-4308
[Sat Feb 15 04:40:20.483776 2025] [cgi:error] [pid 2869777:tid 2869777] [client 127.0.0.1:45084] AH02811: stderr from /usr/local/cpanel/cgi-sys/favicon.ico: script not found or unable to stat, referer: http://244.240.109.208.host.secureserver.net
[Sat Feb 15 04:40:21.334894 2025] [cgi:error] [pid 2848454:tid 2848454] [client 127.0.0.1:45088] AH02811: stderr from /usr/local/cpanel/cgi-sys/favicon.ico: script not found or unable to stat, referer: https://244.240.109.208.host.secureserver.net
[Sat Feb 15 04:46:53.722384 2025] [cgi:error] [pid 2869776:tid 2869776] [client 14.233.204.146:0] AH02812: stderr from /home/disturbedgraffix/public_html/cgi-bin/: attempt to invoke directory as script, referer: http://disturbedgraffix.com
[Sat Feb 15 05:29:28.505836 2025] [autoindex:error] [pid 2848458:tid 2848458] [client 185.93.228.14:0] AH01276: Cannot serve directory /home/icsla/public_html/wp-admin/css/: No matching DirectoryIndex (index.php,index.php8,index.php7,index.php5,index.perl,index.pl,index.plx,index.ppl,index.cgi,index.jsp,index.jp,index.phtml,index.shtml,index.xhtml,index.html,index.htm,index.js) found, and server-generated directory index forbidden by Options directive, referer: binance.com
[Sat Feb 15 05:29:32.969324 2025] [autoindex:error] [pid 2891423:tid 2891423] [client 185.93.228.14:0] AH01276: Cannot serve directory /home/icsla/public_html/wp-admin/css/: No matching DirectoryIndex (index.php,index.php8,index.php7,index.php5,index.perl,index.pl,index.plx,index.ppl,index.cgi,index.jsp,index.jp,index.phtml,index.shtml,index.xhtml,index.html,index.htm,index.js) found, and server-generated directory index forbidden by Options directive, referer: binance.com
[Sat Feb 15 05:29:39.142739 2025] [autoindex:error] [pid 2890211:tid 2890211] [client 185.93.228.14:0] AH01276: Cannot serve directory /home/icsla/public_html/.well-known/: No matching DirectoryIndex (index.php,index.php8,index.php7,index.php5,index.perl,index.pl,index.plx,index.ppl,index.cgi,index.jsp,index.jp,index.phtml,index.shtml,index.xhtml,index.html,index.htm,index.js) found, and server-generated directory index forbidden by Options directive, referer: binance.com
[Sat Feb 15 05:29:42.361708 2025] [autoindex:error] [pid 2890211:tid 2890211] [client 185.93.228.14:0] AH01276: Cannot serve directory /home/icsla/public_html/.well-known/: No matching DirectoryIndex (index.php,index.php8,index.php7,index.php5,index.perl,index.pl,index.plx,index.ppl,index.cgi,index.jsp,index.jp,index.phtml,index.shtml,index.xhtml,index.html,index.htm,index.js) found, and server-generated directory index forbidden by Options directive, referer: binance.com
[Sat Feb 15 05:53:11.690156 2025] [autoindex:error] [pid 2848454:tid 2848454] [client 192.88.134.14:0] AH01276: Cannot serve directory /home/icsla/public_html/wp-admin/css/: No matching DirectoryIndex (index.php,index.php8,index.php7,index.php5,index.perl,index.pl,index.plx,index.ppl,index.cgi,index.jsp,index.jp,index.phtml,index.shtml,index.xhtml,index.html,index.htm,index.js) found, and server-generated directory index forbidden by Options directive, referer: binance.com
[Sat Feb 15 05:53:13.890849 2025] [autoindex:error] [pid 2848454:tid 2848454] [client 192.88.134.14:0] AH01276: Cannot serve directory /home/icsla/public_html/wp-admin/css/: No matching DirectoryIndex (index.php,index.php8,index.php7,index.php5,index.perl,index.pl,index.plx,index.ppl,index.cgi,index.jsp,index.jp,index.phtml,index.shtml,index.xhtml,index.html,index.htm,index.js) found, and server-generated directory index forbidden by Options directive, referer: binance.com
[Sat Feb 15 05:53:19.007312 2025] [autoindex:error] [pid 2890211:tid 2890211] [client 192.88.134.14:0] AH01276: Cannot serve directory /home/icsla/public_html/.well-known/: No matching DirectoryIndex (index.php,index.php8,index.php7,index.php5,index.perl,index.pl,index.plx,index.ppl,index.cgi,index.jsp,index.jp,index.phtml,index.shtml,index.xhtml,index.html,index.htm,index.js) found, and server-generated directory index forbidden by Options directive, referer: binance.com
[Sat Feb 15 05:53:20.977921 2025] [autoindex:error] [pid 2850010:tid 2850010] [client 192.88.134.14:0] AH01276: Cannot serve directory /home/icsla/public_html/.well-known/: No matching DirectoryIndex (index.php,index.php8,index.php7,index.php5,index.perl,index.pl,index.plx,index.ppl,index.cgi,index.jsp,index.jp,index.phtml,index.shtml,index.xhtml,index.html,index.htm,index.js) found, and server-generated directory index forbidden by Options directive, referer: binance.com
[Sat Feb 15 06:09:38.281830 2025] [proxy_fcgi:error] [pid 2850768:tid 2850768] [client 62.113.115.161:0] AH01071: Got error 'Primary script unknown', referer: http://masonfelt.com/index.php/2019/04/25/coming-soon/#comment-4308
[Sat Feb 15 06:29:27.744640 2025] [proxy_fcgi:error] [pid 2848454:tid 2848454] [client 179.29.129.225:0] AH01071: Got error 'Primary script unknown'
[Sat Feb 15 06:50:31.563016 2025] [autoindex:error] [pid 2869777:tid 2869777] [client 192.88.134.14:0] AH01276: Cannot serve directory /home/icsla/public_html/wp-admin/css/: No matching DirectoryIndex (index.php,index.php8,index.php7,index.php5,index.perl,index.pl,index.plx,index.ppl,index.cgi,index.jsp,index.jp,index.phtml,index.shtml,index.xhtml,index.html,index.htm,index.js) found, and server-generated directory index forbidden by Options directive, referer: binance.com
[Sat Feb 15 06:50:37.770659 2025] [autoindex:error] [pid 2890215:tid 2890215] [client 192.88.134.14:0] AH01276: Cannot serve directory /home/icsla/public_html/wp-admin/css/: No matching DirectoryIndex (index.php,index.php8,index.php7,index.php5,index.perl,index.pl,index.plx,index.ppl,index.cgi,index.jsp,index.jp,index.phtml,index.shtml,index.xhtml,index.html,index.htm,index.js) found, and server-generated directory index forbidden by Options directive, referer: binance.com
[Sat Feb 15 06:50:45.581153 2025] [autoindex:error] [pid 2891423:tid 2891423] [client 192.88.134.14:0] AH01276: Cannot serve directory /home/icsla/public_html/.well-known/: No matching DirectoryIndex (index.php,index.php8,index.php7,index.php5,index.perl,index.pl,index.plx,index.ppl,index.cgi,index.jsp,index.jp,index.phtml,index.shtml,index.xhtml,index.html,index.htm,index.js) found, and server-generated directory index forbidden by Options directive, referer: binance.com
[Sat Feb 15 06:50:53.167069 2025] [autoindex:error] [pid 2850768:tid 2850768] [client 192.88.134.14:0] AH01276: Cannot serve directory /home/icsla/public_html/.well-known/: No matching DirectoryIndex (index.php,index.php8,index.php7,index.php5,index.perl,index.pl,index.plx,index.ppl,index.cgi,index.jsp,index.jp,index.phtml,index.shtml,index.xhtml,index.html,index.htm,index.js) found, and server-generated directory index forbidden by Options directive, referer: binance.com
[Sat Feb 15 06:50:58.038855 2025] [proxy_fcgi:error] [pid 2850768:tid 2850768] [client 93.183.93.32:0] AH01071: Got error 'Primary script unknown', referer: http://masonfelt.com/index.php/2019/04/25/coming-soon/#comment-4308
[Sat Feb 15 07:49:22.421564 2025] [mpm_prefork:notice] [pid 1196203:tid 1196203] AH00171: Graceful restart requested, doing restart
[Sat Feb 15 07:49:22.530244 2025] [:notice] [pid 1196203:tid 1196203] mod_ruid2/0.9.8 enabled
[Sat Feb 15 07:49:22.530663 2025] [mpm_prefork:notice] [pid 1196203:tid 1196203] AH00163: Apache/2.4.63 (cPanel) OpenSSL/3.2.2 mod_bwlimited/1.4 configured -- resuming normal operations
[Sat Feb 15 07:49:22.530697 2025] [core:notice] [pid 1196203:tid 1196203] AH00094: Command line: '/usr/sbin/httpd'
[Sat Feb 15 07:49:38.364371 2025] [mpm_prefork:notice] [pid 1196203:tid 1196203] AH00171: Graceful restart requested, doing restart
[Sat Feb 15 07:49:38.445487 2025] [:notice] [pid 1196203:tid 1196203] mod_ruid2/0.9.8 enabled
[Sat Feb 15 07:49:38.445861 2025] [mpm_prefork:notice] [pid 1196203:tid 1196203] AH00163: Apache/2.4.63 (cPanel) OpenSSL/3.2.2 mod_bwlimited/1.4 configured -- resuming normal operations
[Sat Feb 15 07:49:38.445887 2025] [core:notice] [pid 1196203:tid 1196203] AH00094: Command line: '/usr/sbin/httpd'
[Sat Feb 15 07:53:07.405497 2025] [proxy_fcgi:error] [pid 2905682:tid 2905682] [client 154.28.229.121:0] AH01071: Got error 'Primary script unknown'
[Sat Feb 15 09:19:08.382729 2025] [proxy_fcgi:error] [pid 2905819:tid 2905819] [client 146.190.221.68:0] AH01071: Got error 'Primary script unknown'
[Sat Feb 15 09:26:34.110764 2025] [proxy_fcgi:error] [pid 2905819:tid 2905819] [client 185.247.137.136:0] AH01071: Got error 'Primary script unknown'
[Sat Feb 15 09:26:34.839967 2025] [proxy_fcgi:error] [pid 2905819:tid 2905819] [client 45.55.185.224:0] AH01071: Got error 'Primary script unknown'
[Sat Feb 15 09:34:49.577828 2025] [proxy_fcgi:error] [pid 2905680:tid 2905680] [client 93.183.94.206:0] AH01071: Got error 'Primary script unknown', referer: http://masonfelt.com/index.php/2019/04/25/coming-soon/#comment-4308
[Sat Feb 15 09:35:57.958463 2025] [cgi:error] [pid 2907041:tid 2907041] [client 20.171.207.32:0] AH02812: stderr from /home/disturbedgraffix/public_html/cgi-bin/: attempt to invoke directory as script
[Sat Feb 15 09:39:45.864356 2025] [proxy_fcgi:error] [pid 2910475:tid 2910475] [client 212.227.135.113:0] AH01071: Got error 'Primary script unknown'
[Sat Feb 15 09:42:16.508651 2025] [proxy_fcgi:error] [pid 2905819:tid 2905819] [client 111.180.202.140:0] AH01071: Got error 'Primary script unknown', referer: http://masonfelt.com/1234.php
[Sat Feb 15 10:02:02.235780 2025] [proxy_fcgi:error] [pid 2910475:tid 2910475] [client 54.39.96.233:0] AH01071: Got error 'Primary script unknown'
[Sat Feb 15 10:04:05.245982 2025] [proxy_fcgi:error] [pid 2905678:tid 2905678] [client 176.67.82.120:0] AH01071: Got error 'Primary script unknown', referer: http://masonfelt.com/index.php/2019/04/25/coming-soon/
[Sat Feb 15 10:04:44.351165 2025] [proxy_fcgi:error] [pid 2910234:tid 2910234] [client 195.154.100.57:0] AH01071: Got error 'Primary script unknown'
[Sat Feb 15 10:04:45.638659 2025] [proxy_fcgi:error] [pid 2910234:tid 2910234] [client 195.154.100.57:0] AH01071: Got error 'Primary script unknown'
[Sat Feb 15 11:52:33.938230 2025] [proxy_fcgi:error] [pid 2910303:tid 2910303] [client 195.2.67.184:0] AH01071: Got error 'Primary script unknown', referer: http://masonfelt.com/index.php/2019/04/25/coming-soon/#comment-3149
[Sat Feb 15 12:01:23.719046 2025] [proxy_fcgi:error] [pid 2905788:tid 2905788] [client 138.201.36.87:0] AH01071: Got error 'Primary script unknown'
[Sat Feb 15 12:01:49.934691 2025] [proxy_fcgi:error] [pid 2910234:tid 2910234] [client 138.201.36.87:0] AH01071: Got error 'Primary script unknown'
[Sat Feb 15 12:02:06.586254 2025] [proxy_fcgi:error] [pid 2910475:tid 2910475] [client 138.201.36.87:0] AH01071: Got error 'Primary script unknown'
[Sat Feb 15 12:02:20.783607 2025] [proxy_fcgi:error] [pid 2910235:tid 2910235] [client 138.201.36.87:0] AH01071: Got error 'Primary script unknown'
[Sat Feb 15 12:02:36.921026 2025] [proxy_fcgi:error] [pid 2907041:tid 2907041] [client 138.201.36.87:0] AH01071: Got error 'Primary script unknown'
[Sat Feb 15 12:02:48.515300 2025] [proxy_fcgi:error] [pid 2905679:tid 2905679] [client 138.201.36.87:0] AH01071: Got error 'Primary script unknown'
[Sat Feb 15 12:03:00.776417 2025] [proxy_fcgi:error] [pid 2905819:tid 2905819] [client 138.201.36.87:0] AH01071: Got error 'Primary script unknown'
[Sat Feb 15 12:03:13.536772 2025] [proxy_fcgi:error] [pid 2910303:tid 2910303] [client 138.201.36.87:0] AH01071: Got error 'Primary script unknown'
[Sat Feb 15 12:03:24.833864 2025] [proxy_fcgi:error] [pid 2905788:tid 2905788] [client 138.201.36.87:0] AH01071: Got error 'Primary script unknown'
[Sat Feb 15 12:03:37.294791 2025] [proxy_fcgi:error] [pid 2910234:tid 2910234] [client 138.201.36.87:0] AH01071: Got error 'Primary script unknown'
[Sat Feb 15 12:03:47.219351 2025] [proxy_fcgi:error] [pid 2910475:tid 2910475] [client 138.201.36.87:0] AH01071: Got error 'Primary script unknown'
[Sat Feb 15 12:03:57.190969 2025] [proxy_fcgi:error] [pid 2910235:tid 2910235] [client 138.201.36.87:0] AH01071: Got error 'Primary script unknown'
[Sat Feb 15 12:04:07.695522 2025] [proxy_fcgi:error] [pid 2907041:tid 2907041] [client 138.201.36.87:0] AH01071: Got error 'Primary script unknown'
[Sat Feb 15 12:04:22.159317 2025] [proxy_fcgi:error] [pid 2905678:tid 2905678] [client 138.201.36.87:0] AH01071: Got error 'Primary script unknown'
[Sat Feb 15 12:04:34.819019 2025] [proxy_fcgi:error] [pid 2905819:tid 2905819] [client 138.201.36.87:0] AH01071: Got error 'Primary script unknown'
[Sat Feb 15 12:34:06.886273 2025] [proxy_fcgi:error] [pid 2924070:tid 2924070] [client 138.201.36.87:0] AH01071: Got error 'Primary script unknown'
[Sat Feb 15 12:34:37.602325 2025] [proxy_fcgi:error] [pid 2905680:tid 2905680] [client 138.201.36.87:0] AH01071: Got error 'Primary script unknown'
[Sat Feb 15 12:34:50.709131 2025] [proxy_fcgi:error] [pid 2905679:tid 2905679] [client 138.201.36.87:0] AH01071: Got error 'Primary script unknown'
[Sat Feb 15 12:35:03.947976 2025] [proxy_fcgi:error] [pid 2907041:tid 2907041] [client 138.201.36.87:0] AH01071: Got error 'Primary script unknown'
[Sat Feb 15 12:35:10.410272 2025] [cgi:error] [pid 2905788:tid 2905788] [client 20.171.207.129:0] AH02812: stderr from /home/masonfelt/public_html/cgi-bin/: attempt to invoke directory as script
[Sat Feb 15 12:35:16.969593 2025] [proxy_fcgi:error] [pid 2910234:tid 2910234] [client 138.201.36.87:0] AH01071: Got error 'Primary script unknown'
[Sat Feb 15 12:35:31.518861 2025] [proxy_fcgi:error] [pid 2924070:tid 2924070] [client 138.201.36.87:0] AH01071: Got error 'Primary script unknown'
[Sat Feb 15 12:35:43.977644 2025] [proxy_fcgi:error] [pid 2910475:tid 2910475] [client 138.201.36.87:0] AH01071: Got error 'Primary script unknown'
[Sat Feb 15 12:36:00.333139 2025] [proxy_fcgi:error] [pid 2905680:tid 2905680] [client 138.201.36.87:0] AH01071: Got error 'Primary script unknown'
[Sat Feb 15 12:36:10.739722 2025] [proxy_fcgi:error] [pid 2910303:tid 2910303] [client 138.201.36.87:0] AH01071: Got error 'Primary script unknown'
[Sat Feb 15 12:36:43.015627 2025] [cgi:error] [pid 2905788:tid 2905788] [client 138.201.36.87:0] AH02812: stderr from /home/disturbedgraffix/public_html/cgi-bin/: attempt to invoke directory as script
[Sat Feb 15 13:06:51.912855 2025] [proxy_fcgi:error] [pid 2905680:tid 2905680] [client 138.201.36.87:0] AH01071: Got error 'Primary script unknown'
[Sat Feb 15 13:07:13.669962 2025] [proxy_fcgi:error] [pid 2910234:tid 2910234] [client 138.201.36.87:0] AH01071: Got error 'Primary script unknown'
[Sat Feb 15 13:07:26.625502 2025] [proxy_fcgi:error] [pid 2905788:tid 2905788] [client 138.201.36.87:0] AH01071: Got error 'Primary script unknown'
[Sat Feb 15 13:07:36.899105 2025] [proxy_fcgi:error] [pid 2905679:tid 2905679] [client 138.201.36.87:0] AH01071: Got error 'Primary script unknown'
[Sat Feb 15 13:07:47.782307 2025] [proxy_fcgi:error] [pid 2910235:tid 2910235] [client 138.201.36.87:0] AH01071: Got error 'Primary script unknown'
[Sat Feb 15 13:07:58.401826 2025] [proxy_fcgi:error] [pid 2924071:tid 2924071] [client 138.201.36.87:0] AH01071: Got error 'Primary script unknown'
[Sat Feb 15 13:08:47.687601 2025] [proxy_fcgi:error] [pid 2910303:tid 2910303] [client 35.154.190.99:0] AH01071: Got error 'Primary script unknown'
[Sat Feb 15 13:08:51.770454 2025] [proxy_fcgi:error] [pid 2910303:tid 2910303] [client 35.154.190.99:0] AH01071: Got error 'Primary script unknown'
[Sat Feb 15 13:08:57.988315 2025] [proxy_fcgi:error] [pid 2910303:tid 2910303] [client 35.154.190.99:0] AH01071: Got error 'Primary script unknown'
[Sat Feb 15 13:09:03.128082 2025] [proxy_fcgi:error] [pid 2910303:tid 2910303] [client 35.154.190.99:0] AH01071: Got error 'Primary script unknown'
[Sat Feb 15 13:09:04.255476 2025] [proxy_fcgi:error] [pid 2910303:tid 2910303] [client 35.154.190.99:0] AH01071: Got error 'Primary script unknown'
[Sat Feb 15 13:39:48.529218 2025] [cgi:error] [pid 2905679:tid 2905679] [client 138.201.36.87:0] AH02812: stderr from /home/disturbedgraffix/public_html/cgi-bin/: attempt to invoke directory as script
[Sat Feb 15 14:08:03.515862 2025] [proxy_fcgi:error] [pid 2910303:tid 2910303] [client 69.16.157.190:0] AH01071: Got error 'Primary script unknown', referer: http://masonfelt.com/index.php/2019/04/25/coming-soon/
[Sat Feb 15 14:52:18.176787 2025] [proxy_fcgi:error] [pid 2929120:tid 2929120] [client 92.112.176.68:0] AH01071: Got error 'Primary script unknown'
[Sat Feb 15 15:02:22.198080 2025] [proxy_fcgi:error] [pid 2929120:tid 2929120] [client 94.103.83.173:0] AH01071: Got error 'Primary script unknown', referer: http://masonfelt.com/index.php/2019/04/25/coming-soon/
[Sat Feb 15 15:05:24.518792 2025] [proxy_fcgi:error] [pid 2910475:tid 2910475] [client 3.110.152.92:0] AH01071: Got error 'Primary script unknown'
[Sat Feb 15 15:05:25.275253 2025] [proxy_fcgi:error] [pid 2910475:tid 2910475] [client 3.110.152.92:0] AH01071: Got error 'Primary script unknown'
[Sat Feb 15 16:12:10.216350 2025] [authz_core:error] [pid 2924070:tid 2924070] [client 192.88.134.30:0] AH01630: client denied by server configuration: /home/lasuperlawyers/public_html/wp-includes/IXR/error_log, referer: binance.com
[Sat Feb 15 16:13:07.555233 2025] [proxy_fcgi:error] [pid 2910303:tid 2910303] [client 133.242.174.119:0] AH01071: Got error 'Primary script unknown'
[Sat Feb 15 16:15:04.108168 2025] [authz_core:error] [pid 2907041:tid 2907041] [client 192.88.134.30:0] AH01630: client denied by server configuration: /home/lasuperlawyers/public_html/wp-includes/sitemaps/providers/error_log, referer: binance.com
[Sat Feb 15 16:15:19.755919 2025] [authz_core:error] [pid 2905788:tid 2905788] [client 192.88.134.30:0] AH01630: client denied by server configuration: /home/lasuperlawyers/public_html/wp-includes/widgets/error_log, referer: binance.com
[Sat Feb 15 16:42:46.603172 2025] [autoindex:error] [pid 2907041:tid 2907041] [client 20.204.103.19:0] AH01276: Cannot serve directory /home/mrblaw/public_html/wp-admin/css/: No matching DirectoryIndex (index.php,index.php8,index.php7,index.php5,index.perl,index.pl,index.plx,index.ppl,index.cgi,index.jsp,index.jp,index.phtml,index.shtml,index.xhtml,index.html,index.htm,index.js) found, and server-generated directory index forbidden by Options directive, referer: binance.com
[Sat Feb 15 16:42:51.235161 2025] [autoindex:error] [pid 2907041:tid 2907041] [client 20.204.103.19:0] AH01276: Cannot serve directory /home/mrblaw/public_html/.well-known/: No matching DirectoryIndex (index.php,index.php8,index.php7,index.php5,index.perl,index.pl,index.plx,index.ppl,index.cgi,index.jsp,index.jp,index.phtml,index.shtml,index.xhtml,index.html,index.htm,index.js) found, and server-generated directory index forbidden by Options directive, referer: binance.com
[Sat Feb 15 17:22:09.665961 2025] [core:crit] [pid 2907041:tid 2907041] (13)Permission denied: [client 185.180.141.8:59561] AH00529: /home/dladmin/public_html/.htaccess pcfg_openfile: unable to check htaccess file, ensure it is readable and that '/home/dladmin/public_html/' is executable
[Sat Feb 15 18:59:04.047094 2025] [core:crit] [pid 2905788:tid 2905788] (13)Permission denied: [client 144.126.228.188:43284] AH00529: /home/dladmin/public_html/.htaccess pcfg_openfile: unable to check htaccess file, ensure it is readable and that '/home/dladmin/public_html/' is executable
[Sat Feb 15 18:59:04.677119 2025] [core:crit] [pid 2910475:tid 2910475] (13)Permission denied: [client 144.126.228.188:43300] AH00529: /home/dladmin/public_html/.htaccess pcfg_openfile: unable to check htaccess file, ensure it is readable and that '/home/dladmin/public_html/' is executable
[Sat Feb 15 19:00:18.731478 2025] [proxy_fcgi:error] [pid 2948984:tid 2948984] [client 213.136.78.38:0] AH01071: Got error 'Primary script unknown', referer: https://www.google.com
[Sat Feb 15 19:14:50.520661 2025] [autoindex:error] [pid 2905680:tid 2905680] [client 185.93.229.14:0] AH01276: Cannot serve directory /home/icsla/public_html/wp-admin/css/: No matching DirectoryIndex (index.php,index.php8,index.php7,index.php5,index.perl,index.pl,index.plx,index.ppl,index.cgi,index.jsp,index.jp,index.phtml,index.shtml,index.xhtml,index.html,index.htm,index.js) found, and server-generated directory index forbidden by Options directive, referer: binance.com
[Sat Feb 15 19:14:54.080342 2025] [autoindex:error] [pid 2905680:tid 2905680] [client 185.93.229.14:0] AH01276: Cannot serve directory /home/icsla/public_html/wp-admin/css/: No matching DirectoryIndex (index.php,index.php8,index.php7,index.php5,index.perl,index.pl,index.plx,index.ppl,index.cgi,index.jsp,index.jp,index.phtml,index.shtml,index.xhtml,index.html,index.htm,index.js) found, and server-generated directory index forbidden by Options directive, referer: binance.com
[Sat Feb 15 19:14:59.247557 2025] [autoindex:error] [pid 2905680:tid 2905680] [client 185.93.229.14:0] AH01276: Cannot serve directory /home/icsla/public_html/.well-known/: No matching DirectoryIndex (index.php,index.php8,index.php7,index.php5,index.perl,index.pl,index.plx,index.ppl,index.cgi,index.jsp,index.jp,index.phtml,index.shtml,index.xhtml,index.html,index.htm,index.js) found, and server-generated directory index forbidden by Options directive, referer: binance.com
[Sat Feb 15 19:15:01.393171 2025] [autoindex:error] [pid 2905680:tid 2905680] [client 185.93.229.14:0] AH01276: Cannot serve directory /home/icsla/public_html/.well-known/: No matching DirectoryIndex (index.php,index.php8,index.php7,index.php5,index.perl,index.pl,index.plx,index.ppl,index.cgi,index.jsp,index.jp,index.phtml,index.shtml,index.xhtml,index.html,index.htm,index.js) found, and server-generated directory index forbidden by Options directive, referer: binance.com
[Sat Feb 15 19:26:29.543786 2025] [autoindex:error] [pid 2924071:tid 2924071] [client 85.203.21.206:0] AH01276: Cannot serve directory /home/mrblaw/public_html/wp-admin/js/: No matching DirectoryIndex (index.php,index.php8,index.php7,index.php5,index.perl,index.pl,index.plx,index.ppl,index.cgi,index.jsp,index.jp,index.phtml,index.shtml,index.xhtml,index.html,index.htm,index.js) found, and server-generated directory index forbidden by Options directive, referer: http://mrblaw.net/wp-admin/js/index.php
[Sat Feb 15 19:26:37.207047 2025] [autoindex:error] [pid 2905680:tid 2905680] [client 85.203.21.206:0] AH01276: Cannot serve directory /home/mrblaw/public_html/wp-admin/maint/: No matching DirectoryIndex (index.php,index.php8,index.php7,index.php5,index.perl,index.pl,index.plx,index.ppl,index.cgi,index.jsp,index.jp,index.phtml,index.shtml,index.xhtml,index.html,index.htm,index.js) found, and server-generated directory index forbidden by Options directive, referer: http://mrblaw.net/wp-admin/maint/index.php
[Sat Feb 15 19:26:41.106232 2025] [autoindex:error] [pid 2948984:tid 2948984] [client 85.203.21.206:0] AH01276: Cannot serve directory /home/mrblaw/public_html/.well-known/: No matching DirectoryIndex (index.php,index.php8,index.php7,index.php5,index.perl,index.pl,index.plx,index.ppl,index.cgi,index.jsp,index.jp,index.phtml,index.shtml,index.xhtml,index.html,index.htm,index.js) found, and server-generated directory index forbidden by Options directive
[Sat Feb 15 19:26:42.400801 2025] [autoindex:error] [pid 2948984:tid 2948984] [client 85.203.21.206:0] AH01276: Cannot serve directory /home/mrblaw/public_html/wp-content/uploads/: No matching DirectoryIndex (index.php,index.php8,index.php7,index.php5,index.perl,index.pl,index.plx,index.ppl,index.cgi,index.jsp,index.jp,index.phtml,index.shtml,index.xhtml,index.html,index.htm,index.js) found, and server-generated directory index forbidden by Options directive, referer: http://mrblaw.net/wp-content/uploads/index.php
[Sat Feb 15 19:26:51.202678 2025] [autoindex:error] [pid 2905788:tid 2905788] [client 85.203.21.206:0] AH01276: Cannot serve directory /home/mrblaw/public_html/wp-includes/css/: No matching DirectoryIndex (index.php,index.php8,index.php7,index.php5,index.perl,index.pl,index.plx,index.ppl,index.cgi,index.jsp,index.jp,index.phtml,index.shtml,index.xhtml,index.html,index.htm,index.js) found, and server-generated directory index forbidden by Options directive, referer: http://mrblaw.net/wp-includes/css/index.php
[Sat Feb 15 19:26:51.909746 2025] [proxy_fcgi:error] [pid 2905680:tid 2905680] [client 85.203.21.206:0] AH01071: Got error 'Primary script unknown'
[Sat Feb 15 19:26:53.305795 2025] [autoindex:error] [pid 2905680:tid 2905680] [client 85.203.21.206:0] AH01276: Cannot serve directory /home/mrblaw/public_html/wp-includes/ID3/: No matching DirectoryIndex (index.php,index.php8,index.php7,index.php5,index.perl,index.pl,index.plx,index.ppl,index.cgi,index.jsp,index.jp,index.phtml,index.shtml,index.xhtml,index.html,index.htm,index.js) found, and server-generated directory index forbidden by Options directive, referer: http://mrblaw.net/wp-includes/ID3/index.php
[Sat Feb 15 19:26:55.221980 2025] [autoindex:error] [pid 2905788:tid 2905788] [client 85.203.21.206:0] AH01276: Cannot serve directory /home/mrblaw/public_html/wp-admin/images/: No matching DirectoryIndex (index.php,index.php8,index.php7,index.php5,index.perl,index.pl,index.plx,index.ppl,index.cgi,index.jsp,index.jp,index.phtml,index.shtml,index.xhtml,index.html,index.htm,index.js) found, and server-generated directory index forbidden by Options directive, referer: http://mrblaw.net/wp-admin/images/index.php
